{"id":330,"date":"2024-02-17T21:34:23","date_gmt":"2024-02-17T20:34:23","guid":{"rendered":"https:\/\/www.3dflex.sk\/web\/?page_id=330"},"modified":"2024-03-10T11:42:57","modified_gmt":"2024-03-10T10:42:57","slug":"gumove-lemovanie","status":"publish","type":"page","link":"https:\/\/www.3dflex.sk\/web\/index.php\/elementor-18\/gumove-lemovanie\/","title":{"rendered":"Gumov\u00e9 lemovanie"},"content":{"rendered":"\n<h2 class=\"wp-block-heading\"><strong>O gumen\u00fdch okrajoch<\/strong><\/h2>\n\n\n\n<p>Gumov\u00e9 obrubn\u00edky a <strong>lemovanie<\/strong> s\u00fa nevyhnutn\u00fdm doplnkom pre bezpe\u010dn\u00e9 z\u00f3ny. Iba spr\u00e1vne nain\u0161talovan\u00e9 a spr\u00e1vne upraven\u00e9 gumen\u00e9 povrchy zaru\u010duj\u00fa \u00fapln\u00fa bezpe\u010dnos\u0165. Medzi najob\u013e\u00fabenej\u0161ie dokon\u010dovacie doplnky patria predov\u0161etk\u00fdm <strong>gumen\u00e9 obrubn\u00edky<\/strong> a rovnako potrebn\u00e9 <strong>gumen\u00e9 lemovky<\/strong> . Obrubn\u00edky zvy\u0161uj\u00fa bezpe\u010dnos\u0165 na miestach, ako s\u00fa detsk\u00e9 ihrisk\u00e1, \u0161portovisk\u00e1, rekrea\u010dn\u00e9 oblasti, dvory a cesti\u010dky. Hrany v\u0161ak in\u0161talujeme do vonkaj\u0161\u00edch rekrea\u010dn\u00fdch priestorov najm\u00e4 z d\u00f4vodu zaistenia bezpe\u010dnosti os\u00f4b so zv\u00fd\u0161en\u00fdmi potrebami vypl\u00fdvaj\u00facimi zo zdravotn\u00e9ho postihnutia alebo veku.<\/p>\n\n\n\n<h2 class=\"wp-block-heading\"><strong>Gumov\u00e9 hrany a gumen\u00e9 obrubn\u00edky z SBR gran\u00fal<\/strong><\/h2>\n\n\n\n<p>Bezpe\u010dn\u00e9 povrchy umo\u017e\u0148uj\u00fa \u013eahk\u00fd pohyb s ko\u010d\u00edkom alebo invalidn\u00fdm voz\u00edkom vonku aj vo vn\u00fatri. V ponuke Flexizone s\u00fa ako <strong>gumen\u00e9 lemovky<\/strong> , tak aj <strong>gumen\u00e9 obrubn\u00edky<\/strong> z gran\u00fal SBR, dostupn\u00e9 v 4 farb\u00e1ch: \u010derven\u00e1, zelen\u00e1, \u010dierna a \u0161ed\u00e1.<\/p>\n\n\n\n<p>Dokon\u010dovacie prvky, ktor\u00e9 vymedzuj\u00fa hranice hracieho priestoru a chr\u00e1nia zem tak, aby nepredstavovala hrozbu v pr\u00edpade p\u00e1du, zaru\u010duj\u00fa bezpe\u010dnos\u0165 a ochranu pre ka\u017ed\u00e9ho u\u017e\u00edvate\u013ea. Flexibiln\u00e9 <strong>gumen\u00e9 okraje<\/strong> tie\u017e zabra\u0148uj\u00fa pohybu bezpe\u010dnostnej plochy z gumov\u00fdch dla\u017ed\u00edc. Ich flexibiln\u00e9 vlastnosti umo\u017e\u0148uj\u00fa ich kombinovanie do nepravideln\u00fdch tvarov a obl\u00fakov, \u010d\u00edm vznikaj\u00fa ihrisk\u00e1 s jedine\u010dn\u00fdmi origin\u00e1lnymi povrchmi.<\/p>\n\n\n\n<h2 class=\"wp-block-heading\"><strong>Vyzna\u010duj\u00fa sa zosilnenou \u0161trukt\u00farou<\/strong><\/h2>\n\n\n\n<p>Hrany, podobne ako <strong>gumov\u00e9 obrubn\u00edky<\/strong> , sa vyzna\u010duj\u00fa zosilnenou \u0161trukt\u00farou, t.j. zv\u00fd\u0161enou odolnos\u0165ou proti mechanick\u00e9mu po\u0161kodeniu a dvojit\u00fdm zv\u00e4\u010d\u0161en\u00fdm skosen\u00edm, eliminuj\u00facim efekt odlamovania rohov <strong>gumovej <\/strong><strong>hrany<\/strong> . Dokon\u010dovacie prvky s\u00fa tie\u017e ve\u013emi flexibiln\u00e9, \u010do zni\u017euje mo\u017enos\u0165 zranenia pri n\u00e1raze a je d\u00f4le\u017eit\u00e9 pri vytv\u00e1ran\u00ed origin\u00e1lnych tvarov povrchu. Obojstrann\u00e9 v\u00fdstupky zv\u00e4\u010d\u0161uj\u00fa kontaktn\u00fa plochu hrany v zemi. V\u00fdrobky s\u00fa vyr\u00e1ban\u00e9 pod\u013ea schv\u00e1len\u00fdch postupov pod pr\u00edsnou kontrolou kvality T\u00dcV a v s\u00falade s najnov\u0161ou normou PN-EN 1177:2019 a s\u00fa tie\u017e certifikovan\u00e9 N\u00e1rodn\u00fdm \u00fastavom hygieny. Obrubn\u00edky a hrany <strong>z gumy<\/strong> Flexizone sa vyzna\u010duj\u00fa aj prijate\u013enou <strong>cenou<\/strong> .<\/p>\n\n\n<div data-block-name=\"woocommerce\/product-category\" data-categories=\"[43]\" class=\"wc-block-grid wp-block-product-category wp-block-woocommerce-product-category wc-block-product-category has-3-columns has-multiple-rows\"><ul class=\"wc-block-grid__products\"><li class=\"wc-block-grid__product\">\n\t\t\t\t<a href=\"https:\/\/www.3dflex.sk\/web\/index.php\/produkt\/sbr-gumove-lemovanie-80mm\/\" class=\"wc-block-grid__product-link\">\n\t\t\t\t\t\n\t\t\t\t\t<div class=\"wc-block-grid__product-image\"><img fetchpriority=\"high\" decoding=\"async\" width=\"300\" height=\"300\" src=\"https:\/\/www.3dflex.sk\/web\/wp-content\/uploads\/2024\/02\/obrzeze-gumowe-sbr-50mm-czarne-300x300.jpg\" class=\"attachment-woocommerce_thumbnail size-woocommerce_thumbnail\" alt=\"SBR gumov\u00e9 lemovanie 80mm\" srcset=\"https:\/\/www.3dflex.sk\/web\/wp-content\/uploads\/2024\/02\/obrzeze-gumowe-sbr-50mm-czarne-300x300.jpg 300w, https:\/\/www.3dflex.sk\/web\/wp-content\/uploads\/2024\/02\/obrzeze-gumowe-sbr-50mm-czarne-150x150.jpg 150w, https:\/\/www.3dflex.sk\/web\/wp-content\/uploads\/2024\/02\/obrzeze-gumowe-sbr-50mm-czarne-768x768.jpg 768w, https:\/\/www.3dflex.sk\/web\/wp-content\/uploads\/2024\/02\/obrzeze-gumowe-sbr-50mm-czarne-600x600.jpg 600w, https:\/\/www.3dflex.sk\/web\/wp-content\/uploads\/2024\/02\/obrzeze-gumowe-sbr-50mm-czarne-100x100.jpg 100w, https:\/\/www.3dflex.sk\/web\/wp-content\/uploads\/2024\/02\/obrzeze-gumowe-sbr-50mm-czarne.jpg 1000w\" sizes=\"(max-width: 300px) 100vw, 300px\" \/><\/div>\n\t\t\t\t\t<div class=\"wc-block-grid__product-title\">SBR gumov\u00e9 lemovanie 80mm<\/div>\n\t\t\t\t<\/a>\n\t\t\t\t<div class=\"wc-block-grid__product-price price\"><span class=\"woocommerce-Price-amount amount\" aria-hidden=\"true\">22,00&nbsp;<span class=\"woocommerce-Price-currencySymbol\">&euro;<\/span><\/span> <span aria-hidden=\"true\">&ndash;<\/span> <span class=\"woocommerce-Price-amount amount\" aria-hidden=\"true\">26,00&nbsp;<span class=\"woocommerce-Price-currencySymbol\">&euro;<\/span><\/span><span class=\"screen-reader-text\">Price range: 22,00&nbsp;&euro; through 26,00&nbsp;&euro;<\/span> <small class=\"woocommerce-price-suffix\">bez DPH<\/small><\/div>\n\t\t\t\t\n\t\t\t\t<div class=\"wp-block-button wc-block-grid__product-add-to-cart\"><a href=\"https:\/\/www.3dflex.sk\/web\/index.php\/produkt\/sbr-gumove-lemovanie-80mm\/\" aria-label=\"V\u00fdber nastaven\u00ed pre &ldquo;SBR gumov\u00e9 lemovanie 80mm&rdquo;\" data-quantity=\"1\" data-product_id=\"526\" data-product_sku=\"\" data-price=\"22\" rel=\"nofollow\" class=\"wp-block-button__link  add_to_cart_button\">V\u00fdber mo\u017enost\u00ed<\/a><\/div>\n\t\t\t<\/li><li class=\"wc-block-grid__product\">\n\t\t\t\t<a href=\"https:\/\/www.3dflex.sk\/web\/index.php\/produkt\/sbr-gumove-lemovanie-50-mm-zelene\/\" class=\"wc-block-grid__product-link\">\n\t\t\t\t\t\n\t\t\t\t\t<div class=\"wc-block-grid__product-image\"><img decoding=\"async\" width=\"300\" height=\"300\" src=\"https:\/\/www.3dflex.sk\/web\/wp-content\/uploads\/2024\/02\/obrzeze-gumowe-sbr-50mm-zielone-300x300.jpg\" class=\"attachment-woocommerce_thumbnail size-woocommerce_thumbnail\" alt=\"SBR gumov\u00e9 lemovanie 50 mm (zelen\u00e9)\" srcset=\"https:\/\/www.3dflex.sk\/web\/wp-content\/uploads\/2024\/02\/obrzeze-gumowe-sbr-50mm-zielone-300x300.jpg 300w, https:\/\/www.3dflex.sk\/web\/wp-content\/uploads\/2024\/02\/obrzeze-gumowe-sbr-50mm-zielone-150x150.jpg 150w, https:\/\/www.3dflex.sk\/web\/wp-content\/uploads\/2024\/02\/obrzeze-gumowe-sbr-50mm-zielone-768x768.jpg 768w, https:\/\/www.3dflex.sk\/web\/wp-content\/uploads\/2024\/02\/obrzeze-gumowe-sbr-50mm-zielone-600x600.jpg 600w, https:\/\/www.3dflex.sk\/web\/wp-content\/uploads\/2024\/02\/obrzeze-gumowe-sbr-50mm-zielone-100x100.jpg 100w, https:\/\/www.3dflex.sk\/web\/wp-content\/uploads\/2024\/02\/obrzeze-gumowe-sbr-50mm-zielone.jpg 1000w\" sizes=\"(max-width: 300px) 100vw, 300px\" \/><\/div>\n\t\t\t\t\t<div class=\"wc-block-grid__product-title\">SBR gumov\u00e9 lemovanie 50 mm (zelen\u00e9)<\/div>\n\t\t\t\t<\/a>\n\t\t\t\t<div class=\"wc-block-grid__product-price price\"><span class=\"woocommerce-Price-amount amount\" aria-hidden=\"true\">16,00&nbsp;<span class=\"woocommerce-Price-currencySymbol\">&euro;<\/span><\/span> <span aria-hidden=\"true\">&ndash;<\/span> <span class=\"woocommerce-Price-amount amount\" aria-hidden=\"true\">18,50&nbsp;<span class=\"woocommerce-Price-currencySymbol\">&euro;<\/span><\/span><span class=\"screen-reader-text\">Price range: 16,00&nbsp;&euro; through 18,50&nbsp;&euro;<\/span> <small class=\"woocommerce-price-suffix\">bez DPH<\/small><\/div>\n\t\t\t\t\n\t\t\t\t<div class=\"wp-block-button wc-block-grid__product-add-to-cart\"><a href=\"https:\/\/www.3dflex.sk\/web\/index.php\/produkt\/sbr-gumove-lemovanie-50-mm-zelene\/\" aria-label=\"V\u00fdber nastaven\u00ed pre &ldquo;SBR gumov\u00e9 lemovanie 50 mm (zelen\u00e9)&rdquo;\" data-quantity=\"1\" data-product_id=\"513\" data-product_sku=\"\" data-price=\"16\" rel=\"nofollow\" class=\"wp-block-button__link  add_to_cart_button\">V\u00fdber mo\u017enost\u00ed<\/a><\/div>\n\t\t\t<\/li><\/ul><\/div>","protected":false},"excerpt":{"rendered":"<p>O gumen\u00fdch okrajoch Gumov\u00e9 obrubn\u00edky a lemovanie s\u00fa nevyhnutn\u00fdm doplnkom pre bezpe\u010dn\u00e9 z\u00f3ny. Iba spr\u00e1vne nain\u0161talovan\u00e9 a spr\u00e1vne upraven\u00e9 gumen\u00e9 povrchy zaru\u010duj\u00fa \u00fapln\u00fa bezpe\u010dnos\u0165. Medzi najob\u013e\u00fabenej\u0161ie dokon\u010dovacie doplnky patria predov\u0161etk\u00fdm gumen\u00e9 obrubn\u00edky a rovnako potrebn\u00e9 gumen\u00e9 lemovky . Obrubn\u00edky zvy\u0161uj\u00fa bezpe\u010dnos\u0165 na miestach, ako s\u00fa detsk\u00e9 ihrisk\u00e1, \u0161portovisk\u00e1, rekrea\u010dn\u00e9 oblasti, dvory a cesti\u010dky. Hrany v\u0161ak [&hellip;]<\/p>\n","protected":false},"author":1,"featured_media":0,"parent":18,"menu_order":5,"comment_status":"closed","ping_status":"closed","template":"","meta":{"ngg_post_thumbnail":0,"footnotes":""},"class_list":["post-330","page","type-page","status-publish","hentry","post"],"_links":{"self":[{"href":"https:\/\/www.3dflex.sk\/web\/index.php\/wp-json\/wp\/v2\/pages\/330","targetHints":{"allow":["GET"]}}],"collection":[{"href":"https:\/\/www.3dflex.sk\/web\/index.php\/wp-json\/wp\/v2\/pages"}],"about":[{"href":"https:\/\/www.3dflex.sk\/web\/index.php\/wp-json\/wp\/v2\/types\/page"}],"author":[{"embeddable":true,"href":"https:\/\/www.3dflex.sk\/web\/index.php\/wp-json\/wp\/v2\/users\/1"}],"replies":[{"embeddable":true,"href":"https:\/\/www.3dflex.sk\/web\/index.php\/wp-json\/wp\/v2\/comments?post=330"}],"version-history":[{"count":2,"href":"https:\/\/www.3dflex.sk\/web\/index.php\/wp-json\/wp\/v2\/pages\/330\/revisions"}],"predecessor-version":[{"id":525,"href":"https:\/\/www.3dflex.sk\/web\/index.php\/wp-json\/wp\/v2\/pages\/330\/revisions\/525"}],"up":[{"embeddable":true,"href":"https:\/\/www.3dflex.sk\/web\/index.php\/wp-json\/wp\/v2\/pages\/18"}],"wp:attachment":[{"href":"https:\/\/www.3dflex.sk\/web\/index.php\/wp-json\/wp\/v2\/media?parent=330"}],"curies":[{"name":"wp","href":"https:\/\/api.w.org\/{rel}","templated":true}]}}