{"id":332,"date":"2024-02-17T21:36:15","date_gmt":"2024-02-17T20:36:15","guid":{"rendered":"https:\/\/www.3dflex.sk\/web\/?page_id=332"},"modified":"2024-03-10T11:43:55","modified_gmt":"2024-03-10T10:43:55","slug":"prekritie-okrajov-betonu","status":"publish","type":"page","link":"https:\/\/www.3dflex.sk\/web\/index.php\/elementor-18\/prekritie-okrajov-betonu\/","title":{"rendered":"Prekrytie okrajov bet\u00f3nu"},"content":{"rendered":"\n<h2 class=\"wp-block-heading\">Pru\u017en\u00e9 gumen\u00e9 podlo\u017eky<\/h2>\n\n\n\n<p>FLEXIZONE na bet\u00f3nov\u00e9 hrany s\u00fa pr\u00edsady do bet\u00f3nov\u00fdch povrchov, ur\u010den\u00e9 na detsk\u00e9 ihrisk\u00e1 a viac\u00fa\u010delov\u00e9 \u0161portovisk\u00e1. Ochrana hr\u00e1n t\u00fdchto povrchov je mimoriadne d\u00f4le\u017eit\u00e1 pre ich odolnos\u0165 a funk\u010dnos\u0165, no predov\u0161etk\u00fdm je k\u013e\u00fa\u010dov\u00e1 pre bezpe\u010dnos\u0165 najmlad\u0161\u00edch u\u017e\u00edvate\u013eov, ke\u010f\u017ee chr\u00e1nia pred \u00farazmi v po\u017eadovan\u00fdch bezpe\u010dn\u00fdch p\u00e1dov\u00fdch z\u00f3nach.<\/p>\n\n\n\n<p>Bet\u00f3nov\u00e9 prekrytia okrajov sa lepia pomocou polyuret\u00e1nov\u00e9ho lepidla na existuj\u00face bet\u00f3nov\u00e9 okraje a obrubn\u00edky a tak\u00e1to ochrana je bezpodmiene\u010dne potrebn\u00e1. Optimalizovan\u00fd tvar a zosilnen\u00e1 \u0161trukt\u00fara prekrytia zvy\u0161uje ich odolnos\u0165 vo\u010di mechanick\u00e9mu po\u0161kodeniu.&nbsp;<\/p>\n\n\n\n<p>Na\u0161e prekrytia bet\u00f3nov\u00fdch hr\u00e1n s\u00fa dostupn\u00e9 v moduloch s d\u013a\u017ekou 1000 mm a \u0161\u00edrkou 100 mm v dvoch verzi\u00e1ch vn\u00fatorn\u00fdch rozmerov &#8211; pre in\u0161tal\u00e1ciu na bet\u00f3nov\u00fa hranu so \u0161\u00edrkou 60 mm a 80 mm &#8211; tieto r\u00f4zne rozmery sa pou\u017e\u00edvaj\u00fa v z\u00e1vislosti na zvolenom preveden\u00ed a type bet\u00f3novej hrany.<\/p>\n\n\n<div data-block-name=\"woocommerce\/product-category\" data-categories=\"[44]\" class=\"wc-block-grid wp-block-product-category wp-block-woocommerce-product-category wc-block-product-category has-3-columns has-multiple-rows\"><ul class=\"wc-block-grid__products\"><li class=\"wc-block-grid__product\">\n\t\t\t\t<a href=\"https:\/\/www.3dflex.sk\/web\/index.php\/produkt\/gumovy-kryt-na-betonove-hrany-sbr-80mm\/\" class=\"wc-block-grid__product-link\">\n\t\t\t\t\t\n\t\t\t\t\t<div class=\"wc-block-grid__product-image\"><img fetchpriority=\"high\" decoding=\"async\" width=\"300\" height=\"300\" src=\"https:\/\/www.3dflex.sk\/web\/wp-content\/uploads\/2024\/02\/nakladka-gumowa-na-obrzeza-betonowe-sbr-80mm-300x300.jpg\" class=\"attachment-woocommerce_thumbnail size-woocommerce_thumbnail\" alt=\"Gumov\u00fd kryt na bet\u00f3nov\u00e9 hrany SBR 80mm\" srcset=\"https:\/\/www.3dflex.sk\/web\/wp-content\/uploads\/2024\/02\/nakladka-gumowa-na-obrzeza-betonowe-sbr-80mm-300x300.jpg 300w, https:\/\/www.3dflex.sk\/web\/wp-content\/uploads\/2024\/02\/nakladka-gumowa-na-obrzeza-betonowe-sbr-80mm-150x150.jpg 150w, https:\/\/www.3dflex.sk\/web\/wp-content\/uploads\/2024\/02\/nakladka-gumowa-na-obrzeza-betonowe-sbr-80mm-768x768.jpg 768w, https:\/\/www.3dflex.sk\/web\/wp-content\/uploads\/2024\/02\/nakladka-gumowa-na-obrzeza-betonowe-sbr-80mm-600x600.jpg 600w, https:\/\/www.3dflex.sk\/web\/wp-content\/uploads\/2024\/02\/nakladka-gumowa-na-obrzeza-betonowe-sbr-80mm-100x100.jpg 100w, https:\/\/www.3dflex.sk\/web\/wp-content\/uploads\/2024\/02\/nakladka-gumowa-na-obrzeza-betonowe-sbr-80mm.jpg 1000w\" sizes=\"(max-width: 300px) 100vw, 300px\" \/><\/div>\n\t\t\t\t\t<div class=\"wc-block-grid__product-title\">Gumov\u00fd kryt na bet\u00f3nov\u00e9 hrany SBR 80mm<\/div>\n\t\t\t\t<\/a>\n\t\t\t\t<div class=\"wc-block-grid__product-price price\"><\/div>\n\t\t\t\t\n\t\t\t\t<div class=\"wp-block-button wc-block-grid__product-add-to-cart\"><a href=\"https:\/\/www.3dflex.sk\/web\/index.php\/produkt\/gumovy-kryt-na-betonove-hrany-sbr-80mm\/\" aria-label=\"V\u00fdber nastaven\u00ed pre &ldquo;Gumov\u00fd kryt na bet\u00f3nov\u00e9 hrany SBR 80mm&rdquo;\" data-quantity=\"1\" data-product_id=\"540\" data-product_sku=\"gumovy-kryt-na-betonove-hrany-sbr-80mm\" data-price=\"0\" rel=\"nofollow\" class=\"wp-block-button__link  add_to_cart_button\">Viac info<\/a><\/div>\n\t\t\t<\/li><li class=\"wc-block-grid__product\">\n\t\t\t\t<a href=\"https:\/\/www.3dflex.sk\/web\/index.php\/produkt\/gumovy-kryt-na-betonove-hrany-sbr-60mm\/\" class=\"wc-block-grid__product-link\">\n\t\t\t\t\t\n\t\t\t\t\t<div class=\"wc-block-grid__product-image\"><img decoding=\"async\" width=\"300\" height=\"300\" src=\"https:\/\/www.3dflex.sk\/web\/wp-content\/uploads\/2024\/02\/nakladka-gumowa-na-obrzeza-betonowe-sbr-60mm-300x300.jpg\" class=\"attachment-woocommerce_thumbnail size-woocommerce_thumbnail\" alt=\"Gumov\u00fd kryt na bet\u00f3nov\u00e9 hrany SBR 60mm\" srcset=\"https:\/\/www.3dflex.sk\/web\/wp-content\/uploads\/2024\/02\/nakladka-gumowa-na-obrzeza-betonowe-sbr-60mm-300x300.jpg 300w, https:\/\/www.3dflex.sk\/web\/wp-content\/uploads\/2024\/02\/nakladka-gumowa-na-obrzeza-betonowe-sbr-60mm-150x150.jpg 150w, https:\/\/www.3dflex.sk\/web\/wp-content\/uploads\/2024\/02\/nakladka-gumowa-na-obrzeza-betonowe-sbr-60mm-768x768.jpg 768w, https:\/\/www.3dflex.sk\/web\/wp-content\/uploads\/2024\/02\/nakladka-gumowa-na-obrzeza-betonowe-sbr-60mm-600x600.jpg 600w, https:\/\/www.3dflex.sk\/web\/wp-content\/uploads\/2024\/02\/nakladka-gumowa-na-obrzeza-betonowe-sbr-60mm-100x100.jpg 100w, https:\/\/www.3dflex.sk\/web\/wp-content\/uploads\/2024\/02\/nakladka-gumowa-na-obrzeza-betonowe-sbr-60mm.jpg 1000w\" sizes=\"(max-width: 300px) 100vw, 300px\" \/><\/div>\n\t\t\t\t\t<div class=\"wc-block-grid__product-title\">Gumov\u00fd kryt na bet\u00f3nov\u00e9 hrany SBR 60mm<\/div>\n\t\t\t\t<\/a>\n\t\t\t\t<div class=\"wc-block-grid__product-price price\"><\/div>\n\t\t\t\t\n\t\t\t\t<div class=\"wp-block-button wc-block-grid__product-add-to-cart\"><a href=\"https:\/\/www.3dflex.sk\/web\/index.php\/produkt\/gumovy-kryt-na-betonove-hrany-sbr-60mm\/\" aria-label=\"V\u00fdber nastaven\u00ed pre &ldquo;Gumov\u00fd kryt na bet\u00f3nov\u00e9 hrany SBR 60mm&rdquo;\" data-quantity=\"1\" data-product_id=\"533\" data-product_sku=\"\" data-price=\"0\" rel=\"nofollow\" class=\"wp-block-button__link  add_to_cart_button\">Viac info<\/a><\/div>\n\t\t\t<\/li><\/ul><\/div>","protected":false},"excerpt":{"rendered":"<p>Pru\u017en\u00e9 gumen\u00e9 podlo\u017eky FLEXIZONE na bet\u00f3nov\u00e9 hrany s\u00fa pr\u00edsady do bet\u00f3nov\u00fdch povrchov, ur\u010den\u00e9 na detsk\u00e9 ihrisk\u00e1 a viac\u00fa\u010delov\u00e9 \u0161portovisk\u00e1. Ochrana hr\u00e1n t\u00fdchto povrchov je mimoriadne d\u00f4le\u017eit\u00e1 pre ich odolnos\u0165 a funk\u010dnos\u0165, no predov\u0161etk\u00fdm je k\u013e\u00fa\u010dov\u00e1 pre bezpe\u010dnos\u0165 najmlad\u0161\u00edch u\u017e\u00edvate\u013eov, ke\u010f\u017ee chr\u00e1nia pred \u00farazmi v po\u017eadovan\u00fdch bezpe\u010dn\u00fdch p\u00e1dov\u00fdch z\u00f3nach. Bet\u00f3nov\u00e9 prekrytia okrajov sa lepia pomocou polyuret\u00e1nov\u00e9ho [&hellip;]<\/p>\n","protected":false},"author":1,"featured_media":0,"parent":18,"menu_order":6,"comment_status":"closed","ping_status":"closed","template":"","meta":{"ngg_post_thumbnail":0,"footnotes":""},"class_list":["post-332","page","type-page","status-publish","hentry","post"],"_links":{"self":[{"href":"https:\/\/www.3dflex.sk\/web\/index.php\/wp-json\/wp\/v2\/pages\/332","targetHints":{"allow":["GET"]}}],"collection":[{"href":"https:\/\/www.3dflex.sk\/web\/index.php\/wp-json\/wp\/v2\/pages"}],"about":[{"href":"https:\/\/www.3dflex.sk\/web\/index.php\/wp-json\/wp\/v2\/types\/page"}],"author":[{"embeddable":true,"href":"https:\/\/www.3dflex.sk\/web\/index.php\/wp-json\/wp\/v2\/users\/1"}],"replies":[{"embeddable":true,"href":"https:\/\/www.3dflex.sk\/web\/index.php\/wp-json\/wp\/v2\/comments?post=332"}],"version-history":[{"count":3,"href":"https:\/\/www.3dflex.sk\/web\/index.php\/wp-json\/wp\/v2\/pages\/332\/revisions"}],"predecessor-version":[{"id":559,"href":"https:\/\/www.3dflex.sk\/web\/index.php\/wp-json\/wp\/v2\/pages\/332\/revisions\/559"}],"up":[{"embeddable":true,"href":"https:\/\/www.3dflex.sk\/web\/index.php\/wp-json\/wp\/v2\/pages\/18"}],"wp:attachment":[{"href":"https:\/\/www.3dflex.sk\/web\/index.php\/wp-json\/wp\/v2\/media?parent=332"}],"curies":[{"name":"wp","href":"https:\/\/api.w.org\/{rel}","templated":true}]}}