{"id":337,"date":"2024-02-17T21:39:17","date_gmt":"2024-02-17T20:39:17","guid":{"rendered":"https:\/\/www.3dflex.sk\/web\/?page_id=337"},"modified":"2024-03-10T11:45:36","modified_gmt":"2024-03-10T10:45:36","slug":"gumove-rohy","status":"publish","type":"page","link":"https:\/\/www.3dflex.sk\/web\/index.php\/elementor-18\/gumove-rohy\/","title":{"rendered":"Gumov\u00e9 rohy"},"content":{"rendered":"\n<h2 class=\"wp-block-heading\">Flexibiln\u00e9 rampy<\/h2>\n\n\n\n<p>Bezpe\u010dn\u00e9 gumen\u00e9 rohy FLEXIZONE sa pou\u017e\u00edvaj\u00fa na ochranu stien, plo\u0161\u00edn, rohov stien a budov, pieskov\u00edsk, schod\u00edsk a bet\u00f3nov\u00fdch obrubn\u00edkov pred mo\u017en\u00fdm zranen\u00edm. Zni\u017euj\u00fa riziko poranenia pri p\u00e1de alebo odren\u00edn v nebezpe\u010dn\u00fdch z\u00f3nach a v \u0165a\u017ekom ter\u00e9ne, napr\u00edklad na \u0165a\u017ek\u00fdch turistick\u00fdch chodn\u00edkoch, kame\u0148och alebo prek\u00e1\u017ekach, gumen\u00e9 rohy m\u00f4\u017eu zakry\u0165 bet\u00f3nov\u00e9 a kamenn\u00e9 schody a schody, \u010d\u00edm sa vytv\u00e1raj\u00fa flexibiln\u00e9 pr\u00edjazdov\u00e9 cesty. V\u010faka tomu v\u00fdrazne ovplyv\u0148uj\u00fa bezpe\u010dnos\u0165 chodcov a turistov, preto\u017ee maj\u00fa proti\u0161mykov\u00e9, tlmiace a flexibiln\u00e9 vlastnosti.<\/p>\n\n\n\n<p>Na\u0161e gumen\u00e9 rohy sa dod\u00e1vaj\u00fa v moduloch s d\u013a\u017ekou 1000 mm a hr\u00fabkou 50 mm a stenami s d\u013a\u017ekou 250 x 125 mm. Daj\u00fa sa navz\u00e1jom ve\u013emi jednoducho spoji\u0165 \u2013 pomocou plastov\u00fdch spojok. Odpor\u00fa\u010dame!<\/p>\n\n\n<div data-block-name=\"woocommerce\/product-category\" data-categories=\"[45]\" class=\"wc-block-grid wp-block-product-category wp-block-woocommerce-product-category wc-block-product-category has-3-columns has-multiple-rows\"><ul class=\"wc-block-grid__products\"><li class=\"wc-block-grid__product\">\n\t\t\t\t<a href=\"https:\/\/www.3dflex.sk\/web\/index.php\/produkt\/gumovy-roh-sbr-50-mm\/\" class=\"wc-block-grid__product-link\">\n\t\t\t\t\t\n\t\t\t\t\t<div class=\"wc-block-grid__product-image\"><img fetchpriority=\"high\" decoding=\"async\" width=\"300\" height=\"300\" src=\"https:\/\/www.3dflex.sk\/web\/wp-content\/uploads\/2024\/02\/naroznik-gumowy-sbr-50mm-300x300.jpg\" class=\"attachment-woocommerce_thumbnail size-woocommerce_thumbnail\" alt=\"Gumov\u00fd roh SBR 50 mm\" srcset=\"https:\/\/www.3dflex.sk\/web\/wp-content\/uploads\/2024\/02\/naroznik-gumowy-sbr-50mm-300x300.jpg 300w, https:\/\/www.3dflex.sk\/web\/wp-content\/uploads\/2024\/02\/naroznik-gumowy-sbr-50mm-150x150.jpg 150w, https:\/\/www.3dflex.sk\/web\/wp-content\/uploads\/2024\/02\/naroznik-gumowy-sbr-50mm-768x768.jpg 768w, https:\/\/www.3dflex.sk\/web\/wp-content\/uploads\/2024\/02\/naroznik-gumowy-sbr-50mm-600x600.jpg 600w, https:\/\/www.3dflex.sk\/web\/wp-content\/uploads\/2024\/02\/naroznik-gumowy-sbr-50mm-100x100.jpg 100w, https:\/\/www.3dflex.sk\/web\/wp-content\/uploads\/2024\/02\/naroznik-gumowy-sbr-50mm.jpg 1000w\" sizes=\"(max-width: 300px) 100vw, 300px\" \/><\/div>\n\t\t\t\t\t<div class=\"wc-block-grid__product-title\">Gumov\u00fd roh SBR 50 mm<\/div>\n\t\t\t\t<\/a>\n\t\t\t\t<div class=\"wc-block-grid__product-price price\"><\/div>\n\t\t\t\t\n\t\t\t\t<div class=\"wp-block-button wc-block-grid__product-add-to-cart\"><a href=\"https:\/\/www.3dflex.sk\/web\/index.php\/produkt\/gumovy-roh-sbr-50-mm\/\" aria-label=\"V\u00fdber nastaven\u00ed pre &ldquo;Gumov\u00fd roh SBR 50 mm&rdquo;\" data-quantity=\"1\" data-product_id=\"548\" data-product_sku=\"\" data-price=\"0\" rel=\"nofollow\" class=\"wp-block-button__link  add_to_cart_button\">Viac info<\/a><\/div>\n\t\t\t<\/li><\/ul><\/div>","protected":false},"excerpt":{"rendered":"<p>Flexibiln\u00e9 rampy Bezpe\u010dn\u00e9 gumen\u00e9 rohy FLEXIZONE sa pou\u017e\u00edvaj\u00fa na ochranu stien, plo\u0161\u00edn, rohov stien a budov, pieskov\u00edsk, schod\u00edsk a bet\u00f3nov\u00fdch obrubn\u00edkov pred mo\u017en\u00fdm zranen\u00edm. Zni\u017euj\u00fa riziko poranenia pri p\u00e1de alebo odren\u00edn v nebezpe\u010dn\u00fdch z\u00f3nach a v \u0165a\u017ekom ter\u00e9ne, napr\u00edklad na \u0165a\u017ek\u00fdch turistick\u00fdch chodn\u00edkoch, kame\u0148och alebo prek\u00e1\u017ekach, gumen\u00e9 rohy m\u00f4\u017eu zakry\u0165 bet\u00f3nov\u00e9 a kamenn\u00e9 schody a [&hellip;]<\/p>\n","protected":false},"author":1,"featured_media":0,"parent":18,"menu_order":7,"comment_status":"closed","ping_status":"closed","template":"","meta":{"ngg_post_thumbnail":0,"footnotes":""},"class_list":["post-337","page","type-page","status-publish","hentry","post"],"_links":{"self":[{"href":"https:\/\/www.3dflex.sk\/web\/index.php\/wp-json\/wp\/v2\/pages\/337","targetHints":{"allow":["GET"]}}],"collection":[{"href":"https:\/\/www.3dflex.sk\/web\/index.php\/wp-json\/wp\/v2\/pages"}],"about":[{"href":"https:\/\/www.3dflex.sk\/web\/index.php\/wp-json\/wp\/v2\/types\/page"}],"author":[{"embeddable":true,"href":"https:\/\/www.3dflex.sk\/web\/index.php\/wp-json\/wp\/v2\/users\/1"}],"replies":[{"embeddable":true,"href":"https:\/\/www.3dflex.sk\/web\/index.php\/wp-json\/wp\/v2\/comments?post=337"}],"version-history":[{"count":2,"href":"https:\/\/www.3dflex.sk\/web\/index.php\/wp-json\/wp\/v2\/pages\/337\/revisions"}],"predecessor-version":[{"id":560,"href":"https:\/\/www.3dflex.sk\/web\/index.php\/wp-json\/wp\/v2\/pages\/337\/revisions\/560"}],"up":[{"embeddable":true,"href":"https:\/\/www.3dflex.sk\/web\/index.php\/wp-json\/wp\/v2\/pages\/18"}],"wp:attachment":[{"href":"https:\/\/www.3dflex.sk\/web\/index.php\/wp-json\/wp\/v2\/media?parent=337"}],"curies":[{"name":"wp","href":"https:\/\/api.w.org\/{rel}","templated":true}]}}