{"id":583,"date":"2024-02-18T20:37:42","date_gmt":"2024-02-18T19:37:42","guid":{"rendered":"https:\/\/www.3dflex.sk\/web\/?page_id=583"},"modified":"2024-03-10T11:25:45","modified_gmt":"2024-03-10T10:25:45","slug":"lepene-gumenne-dosky","status":"publish","type":"page","link":"https:\/\/www.3dflex.sk\/web\/index.php\/gumova-dlazba-na-terasy\/lepene-gumenne-dosky\/","title":{"rendered":"Lepen\u00e9 gumov\u00e9 dosky"},"content":{"rendered":"\n<h2 class=\"wp-block-heading\"><strong>Guma na terasu<\/strong><\/h2>\n\n\n\n<p>Roho\u017ee alebo gumen\u00e9 platne na terasu s\u00fa dnes nevyhnutn\u00fdm minim\u00e1lnym luxusom. Ka\u017ed\u00fd balk\u00f3n, veranda \u010di terasa je vystaven\u00e1 poveternostn\u00fdm vplyvom. Preto je d\u00f4le\u017eit\u00fd spr\u00e1vny v\u00fdber povrchu. Gumen\u00e9 terasov\u00e9 dla\u017edice Deckzone s\u00fa naj\u010dastej\u0161ie odpor\u00fa\u010dan\u00fdmi v\u00fdrobkami pou\u017e\u00edvan\u00fdmi na budovanie dom\u00e1cich oddychov\u00fdch z\u00f3n.&nbsp;<strong>Terasov\u00e1 guma<\/strong>&nbsp;je odoln\u00e1 vo\u010di poveternostn\u00fdm vplyvom, mrazuvzdorn\u00e1, vodopriepustn\u00e1, proti\u0161mykov\u00e1, m\u00e1 aj izola\u010dn\u00e9 vlastnosti.&nbsp;Stabilizovan\u00e1, zosilnen\u00e1 \u0161trukt\u00fara dosiek&nbsp;navy\u0161e chr\u00e1ni povrch pred trvalou deform\u00e1ciou, \u010do znamen\u00e1, \u017ee je mo\u017en\u00e9 na\u0148 umiestni\u0165 \u0165a\u017ek\u00fd z\u00e1hradn\u00fd n\u00e1bytok a liatinov\u00fd gril.<\/p>\n\n\n\n<h2 class=\"wp-block-heading\"><strong>Cho\u010fte&nbsp;na balk\u00f3n<\/strong><\/h2>\n\n\n\n<p>V\u0161etky&nbsp;gumen\u00e9 povrchy Flexizone&nbsp;s\u00fa vyroben\u00e9 z materi\u00e1lu SBR alebo EPDM dosiek.&nbsp;D\u00f4le\u017eitou vlastnos\u0165ou&nbsp;<strong>balk\u00f3novej gumy<\/strong>&nbsp;je jej schopnos\u0165 pohlcova\u0165 zvuky a zni\u017eova\u0165 n\u00e1razy pri ch\u00f4dzi, napr\u00edklad na vysok\u00fdch podp\u00e4tkoch. \u017diadne kontraindik\u00e1cie t\u00fdkaj\u00face sa obuvi. V\u0161etky gumen\u00e9 roho\u017ee a dosky ur\u010den\u00e9 na terasy maj\u00fa tie\u017e certifik\u00e1t PZH, \u010do znamen\u00e1, \u017ee ich povrch je bezpe\u010dn\u00fd pri kontakte s poko\u017ekou.<\/p>\n\n\n\n<p><strong>Terasov\u00e1 guma<\/strong>&nbsp;dobre funguje aj ako forma dofarbenia terasov\u00e9ho ihriska pre deti.<\/p>\n\n\n\n<p>Povrchy&nbsp;s\u00fa&nbsp;odoln\u00e9 vo\u010di tzv tepeln\u00e9 starnutie a tie\u017e maj\u00fa proti\u0161mykov\u00e9 okraje, aby sa zabr\u00e1nilo zakopnutiu. \u013dahko sa udr\u017eiavaj\u00fa v \u010distote \u2013 sta\u010d\u00ed ich umy\u0165 \u010distou vodou bez \u010distiacich prostriedkov.&nbsp;Ako \u0161peci\u00e1lna mo\u017enos\u0165 maj\u00fa dosky certifik\u00e1t hor\u013eavosti Cf1-s1.&nbsp;&nbsp;<\/p>\n\n\n\n<p><strong>Balk\u00f3nov\u00e1 guma<\/strong>&nbsp;m\u00f4\u017ee by\u0165 umiestnen\u00e1 priamo na ak\u00fdko\u013evek rovn\u00fd povrch, ako je podlaha, bet\u00f3n, EPDM membr\u00e1na alebo stre\u0161n\u00e1 lepenka. Povrch je ur\u010den\u00fd najm\u00e4 na&nbsp;terasy, balk\u00f3ny, ale aj rekrea\u010dn\u00e9 uli\u010dky a ihrisk\u00e1.&nbsp;<strong>Terasov\u00e1 guma<\/strong>&nbsp;sa \u010dasto&nbsp;pou\u017e\u00edva aj ako povrch pieskov\u00edsk, z\u00e1hradn\u00fdch baz\u00e9nov, ark\u00e1dov\u00fdch hrac\u00edch pl\u00f4ch alebo proti\u0161mykov\u00fdch z\u00f3n pri baz\u00e9noch a klzisk\u00e1ch.<\/p>\n\n\n\n<p>V\u00fdrobok m\u00e1 v\u0161etky certifik\u00e1ty potrebn\u00e9 na pou\u017e\u00edvanie gumov\u00fdch v\u00fdrobkov vr\u00e1tane zhody s najnov\u0161ou normou PN-EN 1177:2018 a schv\u00e1len\u00edm T\u00dcV.<\/p>\n\n\n<div data-block-name=\"woocommerce\/product-category\" data-categories=\"[51]\" class=\"wc-block-grid wp-block-product-category wp-block-woocommerce-product-category wc-block-product-category has-3-columns has-multiple-rows\"><ul class=\"wc-block-grid__products\"><li class=\"wc-block-grid__product\">\n\t\t\t\t<a href=\"https:\/\/www.3dflex.sk\/web\/index.php\/produkt\/gumovy-terasovy-tanier-sbr-20-mm\/\" class=\"wc-block-grid__product-link\">\n\t\t\t\t\t\n\t\t\t\t\t<div class=\"wc-block-grid__product-image\"><img fetchpriority=\"high\" decoding=\"async\" width=\"300\" height=\"300\" src=\"https:\/\/www.3dflex.sk\/web\/wp-content\/uploads\/2024\/02\/plyta-gumowa-sbr-na-balkon-20mm-zelena-300x300.jpg\" class=\"attachment-woocommerce_thumbnail size-woocommerce_thumbnail\" alt=\"Gumov\u00fd terasov\u00fd tanier SBR 20 mm\" srcset=\"https:\/\/www.3dflex.sk\/web\/wp-content\/uploads\/2024\/02\/plyta-gumowa-sbr-na-balkon-20mm-zelena-300x300.jpg 300w, https:\/\/www.3dflex.sk\/web\/wp-content\/uploads\/2024\/02\/plyta-gumowa-sbr-na-balkon-20mm-zelena-150x150.jpg 150w, https:\/\/www.3dflex.sk\/web\/wp-content\/uploads\/2024\/02\/plyta-gumowa-sbr-na-balkon-20mm-zelena-768x768.jpg 768w, https:\/\/www.3dflex.sk\/web\/wp-content\/uploads\/2024\/02\/plyta-gumowa-sbr-na-balkon-20mm-zelena-600x600.jpg 600w, https:\/\/www.3dflex.sk\/web\/wp-content\/uploads\/2024\/02\/plyta-gumowa-sbr-na-balkon-20mm-zelena-100x100.jpg 100w, https:\/\/www.3dflex.sk\/web\/wp-content\/uploads\/2024\/02\/plyta-gumowa-sbr-na-balkon-20mm-zelena.jpg 1000w\" sizes=\"(max-width: 300px) 100vw, 300px\" \/><\/div>\n\t\t\t\t\t<div class=\"wc-block-grid__product-title\">Gumov\u00fd terasov\u00fd tanier SBR 20 mm<\/div>\n\t\t\t\t<\/a>\n\t\t\t\t<div class=\"wc-block-grid__product-price price\"><span class=\"woocommerce-Price-amount amount\" aria-hidden=\"true\">8,00&nbsp;<span class=\"woocommerce-Price-currencySymbol\">&euro;<\/span><\/span> <span aria-hidden=\"true\">&ndash;<\/span> <span class=\"woocommerce-Price-amount amount\" aria-hidden=\"true\">10,00&nbsp;<span class=\"woocommerce-Price-currencySymbol\">&euro;<\/span><\/span><span class=\"screen-reader-text\">Price range: 8,00&nbsp;&euro; through 10,00&nbsp;&euro;<\/span> <small class=\"woocommerce-price-suffix\">bez DPH<\/small><\/div>\n\t\t\t\t\n\t\t\t\t<div class=\"wp-block-button wc-block-grid__product-add-to-cart\"><a href=\"https:\/\/www.3dflex.sk\/web\/index.php\/produkt\/gumovy-terasovy-tanier-sbr-20-mm\/\" aria-label=\"V\u00fdber nastaven\u00ed pre &ldquo;Gumov\u00fd terasov\u00fd tanier SBR 20 mm&rdquo;\" data-quantity=\"1\" data-product_id=\"670\" data-product_sku=\"670\" data-price=\"8\" rel=\"nofollow\" class=\"wp-block-button__link  add_to_cart_button\">V\u00fdber mo\u017enost\u00ed<\/a><\/div>\n\t\t\t<\/li><li class=\"wc-block-grid__product\">\n\t\t\t\t<a href=\"https:\/\/www.3dflex.sk\/web\/index.php\/produkt\/sbr-gumova-platna-na-balkon-20-mm\/\" class=\"wc-block-grid__product-link\">\n\t\t\t\t\t\n\t\t\t\t\t<div class=\"wc-block-grid__product-image\"><img decoding=\"async\" width=\"300\" height=\"300\" src=\"https:\/\/www.3dflex.sk\/web\/wp-content\/uploads\/2024\/02\/plyta-gumowa-sbr-na-balkon-20mm-300x300.jpg\" class=\"attachment-woocommerce_thumbnail size-woocommerce_thumbnail\" alt=\"SBR gumov\u00e1 plat\u0148a na balk\u00f3n 20 mm\" srcset=\"https:\/\/www.3dflex.sk\/web\/wp-content\/uploads\/2024\/02\/plyta-gumowa-sbr-na-balkon-20mm-300x300.jpg 300w, https:\/\/www.3dflex.sk\/web\/wp-content\/uploads\/2024\/02\/plyta-gumowa-sbr-na-balkon-20mm-150x150.jpg 150w, https:\/\/www.3dflex.sk\/web\/wp-content\/uploads\/2024\/02\/plyta-gumowa-sbr-na-balkon-20mm-768x768.jpg 768w, https:\/\/www.3dflex.sk\/web\/wp-content\/uploads\/2024\/02\/plyta-gumowa-sbr-na-balkon-20mm-600x600.jpg 600w, https:\/\/www.3dflex.sk\/web\/wp-content\/uploads\/2024\/02\/plyta-gumowa-sbr-na-balkon-20mm-100x100.jpg 100w, https:\/\/www.3dflex.sk\/web\/wp-content\/uploads\/2024\/02\/plyta-gumowa-sbr-na-balkon-20mm.jpg 1000w\" sizes=\"(max-width: 300px) 100vw, 300px\" \/><\/div>\n\t\t\t\t\t<div class=\"wc-block-grid__product-title\">SBR gumov\u00e1 plat\u0148a na balk\u00f3n 20 mm<\/div>\n\t\t\t\t<\/a>\n\t\t\t\t<div class=\"wc-block-grid__product-price price\"><\/div>\n\t\t\t\t\n\t\t\t\t<div class=\"wp-block-button wc-block-grid__product-add-to-cart\"><a href=\"https:\/\/www.3dflex.sk\/web\/index.php\/produkt\/sbr-gumova-platna-na-balkon-20-mm\/\" aria-label=\"V\u00fdber nastaven\u00ed pre &ldquo;SBR gumov\u00e1 plat\u0148a na balk\u00f3n 20 mm&rdquo;\" data-quantity=\"1\" data-product_id=\"659\" data-product_sku=\"659\" data-price=\"0\" rel=\"nofollow\" class=\"wp-block-button__link  add_to_cart_button\">Viac info<\/a><\/div>\n\t\t\t<\/li><\/ul><\/div>","protected":false},"excerpt":{"rendered":"<p>Guma na terasu Roho\u017ee alebo gumen\u00e9 platne na terasu s\u00fa dnes nevyhnutn\u00fdm minim\u00e1lnym luxusom. Ka\u017ed\u00fd balk\u00f3n, veranda \u010di terasa je vystaven\u00e1 poveternostn\u00fdm vplyvom. Preto je d\u00f4le\u017eit\u00fd spr\u00e1vny v\u00fdber povrchu. Gumen\u00e9 terasov\u00e9 dla\u017edice Deckzone s\u00fa naj\u010dastej\u0161ie odpor\u00fa\u010dan\u00fdmi v\u00fdrobkami pou\u017e\u00edvan\u00fdmi na budovanie dom\u00e1cich oddychov\u00fdch z\u00f3n.&nbsp;Terasov\u00e1 guma&nbsp;je odoln\u00e1 vo\u010di poveternostn\u00fdm vplyvom, mrazuvzdorn\u00e1, vodopriepustn\u00e1, proti\u0161mykov\u00e1, m\u00e1 aj izola\u010dn\u00e9 vlastnosti.&nbsp;Stabilizovan\u00e1, [&hellip;]<\/p>\n","protected":false},"author":1,"featured_media":0,"parent":580,"menu_order":1,"comment_status":"closed","ping_status":"closed","template":"","meta":{"ngg_post_thumbnail":0,"footnotes":""},"class_list":["post-583","page","type-page","status-publish","hentry","post"],"_links":{"self":[{"href":"https:\/\/www.3dflex.sk\/web\/index.php\/wp-json\/wp\/v2\/pages\/583","targetHints":{"allow":["GET"]}}],"collection":[{"href":"https:\/\/www.3dflex.sk\/web\/index.php\/wp-json\/wp\/v2\/pages"}],"about":[{"href":"https:\/\/www.3dflex.sk\/web\/index.php\/wp-json\/wp\/v2\/types\/page"}],"author":[{"embeddable":true,"href":"https:\/\/www.3dflex.sk\/web\/index.php\/wp-json\/wp\/v2\/users\/1"}],"replies":[{"embeddable":true,"href":"https:\/\/www.3dflex.sk\/web\/index.php\/wp-json\/wp\/v2\/comments?post=583"}],"version-history":[{"count":3,"href":"https:\/\/www.3dflex.sk\/web\/index.php\/wp-json\/wp\/v2\/pages\/583\/revisions"}],"predecessor-version":[{"id":676,"href":"https:\/\/www.3dflex.sk\/web\/index.php\/wp-json\/wp\/v2\/pages\/583\/revisions\/676"}],"up":[{"embeddable":true,"href":"https:\/\/www.3dflex.sk\/web\/index.php\/wp-json\/wp\/v2\/pages\/580"}],"wp:attachment":[{"href":"https:\/\/www.3dflex.sk\/web\/index.php\/wp-json\/wp\/v2\/media?parent=583"}],"curies":[{"name":"wp","href":"https:\/\/api.w.org\/{rel}","templated":true}]}}