{"id":592,"date":"2024-02-18T21:13:05","date_gmt":"2024-02-18T20:13:05","guid":{"rendered":"https:\/\/www.3dflex.sk\/web\/?page_id=592"},"modified":"2024-03-10T11:32:32","modified_gmt":"2024-03-10T10:32:32","slug":"gumove-rohoze","status":"publish","type":"page","link":"https:\/\/www.3dflex.sk\/web\/index.php\/podlahy-pre-telocvicne\/gumove-rohoze\/","title":{"rendered":"Gumov\u00e9 roho\u017ee"},"content":{"rendered":"\n<p>Tartanov\u00e9 ihrisko. S\u00e9ria odpor\u00fa\u010dan\u00fdch produktov je dostupn\u00e1 ako \u0161tvorcov\u00e9 roho\u017ee s rozmermi 1000&#215;1000 mm. Je obohaten\u00fd o inovat\u00edvnu nehor\u013eav\u00fa zmes so samozh\u00e1\u0161av\u00fdmi vlastnos\u0165ami &#8211; tak\u017ee zaru\u010duje dodato\u010dn\u00fa ochranu objektu. N\u00e1\u0161 tartan je proti\u0161mykov\u00fd, stabilizovan\u00fd, mrazuvzdorn\u00fd, vodopriepustn\u00fd a odoln\u00fd vo\u010di UV \u017eiareniu. Vylep\u0161en\u00fd bol aj kv\u00f4li odolnosti.\u00a0<\/p>\n\n\n<div data-block-name=\"woocommerce\/product-category\" data-categories=\"[53]\" class=\"wc-block-grid wp-block-product-category wp-block-woocommerce-product-category wc-block-product-category has-3-columns has-multiple-rows\"><ul class=\"wc-block-grid__products\"><li class=\"wc-block-grid__product\">\n\t\t\t\t<a href=\"https:\/\/www.3dflex.sk\/web\/index.php\/produkt\/sbr-gumova-podlozka-do-telocvicni-1000x1000x20\/\" class=\"wc-block-grid__product-link\">\n\t\t\t\t\t\n\t\t\t\t\t<div class=\"wc-block-grid__product-image\"><img fetchpriority=\"high\" decoding=\"async\" width=\"300\" height=\"300\" src=\"https:\/\/www.3dflex.sk\/web\/wp-content\/uploads\/2024\/02\/plyta-gumowa-sbr-na-balkon-20mm-cervena-300x300.jpg\" class=\"attachment-woocommerce_thumbnail size-woocommerce_thumbnail\" alt=\"SBR gumov\u00e1 podlo\u017eka do telocvi\u010dne 1000x1000x20 mm\" srcset=\"https:\/\/www.3dflex.sk\/web\/wp-content\/uploads\/2024\/02\/plyta-gumowa-sbr-na-balkon-20mm-cervena-300x300.jpg 300w, https:\/\/www.3dflex.sk\/web\/wp-content\/uploads\/2024\/02\/plyta-gumowa-sbr-na-balkon-20mm-cervena-150x150.jpg 150w, https:\/\/www.3dflex.sk\/web\/wp-content\/uploads\/2024\/02\/plyta-gumowa-sbr-na-balkon-20mm-cervena-768x768.jpg 768w, https:\/\/www.3dflex.sk\/web\/wp-content\/uploads\/2024\/02\/plyta-gumowa-sbr-na-balkon-20mm-cervena-600x600.jpg 600w, https:\/\/www.3dflex.sk\/web\/wp-content\/uploads\/2024\/02\/plyta-gumowa-sbr-na-balkon-20mm-cervena-100x100.jpg 100w, https:\/\/www.3dflex.sk\/web\/wp-content\/uploads\/2024\/02\/plyta-gumowa-sbr-na-balkon-20mm-cervena.jpg 1000w\" sizes=\"(max-width: 300px) 100vw, 300px\" \/><\/div>\n\t\t\t\t\t<div class=\"wc-block-grid__product-title\">SBR gumov\u00e1 podlo\u017eka do telocvi\u010dne 1000x1000x20 mm<\/div>\n\t\t\t\t<\/a>\n\t\t\t\t<div class=\"wc-block-grid__product-price price\"><\/div>\n\t\t\t\t\n\t\t\t\t<div class=\"wp-block-button wc-block-grid__product-add-to-cart\"><a href=\"https:\/\/www.3dflex.sk\/web\/index.php\/produkt\/sbr-gumova-podlozka-do-telocvicni-1000x1000x20\/\" aria-label=\"V\u00fdber nastaven\u00ed pre &ldquo;SBR gumov\u00e1 podlo\u017eka do telocvi\u010dne 1000x1000x20 mm&rdquo;\" data-quantity=\"1\" data-product_id=\"710\" data-product_sku=\"710\" data-price=\"0\" rel=\"nofollow\" class=\"wp-block-button__link  add_to_cart_button\">Viac info<\/a><\/div>\n\t\t\t<\/li><li class=\"wc-block-grid__product\">\n\t\t\t\t<a href=\"https:\/\/www.3dflex.sk\/web\/index.php\/produkt\/gumova-doska-pre-telocvicnu-a-crossfit-500x500x20-mm\/\" class=\"wc-block-grid__product-link\">\n\t\t\t\t\t\n\t\t\t\t\t<div class=\"wc-block-grid__product-image\"><img decoding=\"async\" width=\"300\" height=\"300\" src=\"https:\/\/www.3dflex.sk\/web\/wp-content\/uploads\/2024\/02\/plyta-gumowa-sbr-na-balkon-20mm-300x300.jpg\" class=\"attachment-woocommerce_thumbnail size-woocommerce_thumbnail\" alt=\"Gumov\u00e1 doska pre telocvi\u010d\u0148u a crossfit 500x500x20 mm\" srcset=\"https:\/\/www.3dflex.sk\/web\/wp-content\/uploads\/2024\/02\/plyta-gumowa-sbr-na-balkon-20mm-300x300.jpg 300w, https:\/\/www.3dflex.sk\/web\/wp-content\/uploads\/2024\/02\/plyta-gumowa-sbr-na-balkon-20mm-150x150.jpg 150w, https:\/\/www.3dflex.sk\/web\/wp-content\/uploads\/2024\/02\/plyta-gumowa-sbr-na-balkon-20mm-768x768.jpg 768w, https:\/\/www.3dflex.sk\/web\/wp-content\/uploads\/2024\/02\/plyta-gumowa-sbr-na-balkon-20mm-600x600.jpg 600w, https:\/\/www.3dflex.sk\/web\/wp-content\/uploads\/2024\/02\/plyta-gumowa-sbr-na-balkon-20mm-100x100.jpg 100w, https:\/\/www.3dflex.sk\/web\/wp-content\/uploads\/2024\/02\/plyta-gumowa-sbr-na-balkon-20mm.jpg 1000w\" sizes=\"(max-width: 300px) 100vw, 300px\" \/><\/div>\n\t\t\t\t\t<div class=\"wc-block-grid__product-title\">Gumov\u00e1 doska pre telocvi\u010d\u0148u a crossfit 500x500x20 mm<\/div>\n\t\t\t\t<\/a>\n\t\t\t\t<div class=\"wc-block-grid__product-price price\"><\/div>\n\t\t\t\t\n\t\t\t\t<div class=\"wp-block-button wc-block-grid__product-add-to-cart\"><a href=\"https:\/\/www.3dflex.sk\/web\/index.php\/produkt\/gumova-doska-pre-telocvicnu-a-crossfit-500x500x20-mm\/\" aria-label=\"V\u00fdber nastaven\u00ed pre &ldquo;Gumov\u00e1 doska pre telocvi\u010d\u0148u a crossfit 500x500x20 mm&rdquo;\" data-quantity=\"1\" data-product_id=\"700\" data-product_sku=\"700\" data-price=\"0\" rel=\"nofollow\" class=\"wp-block-button__link  add_to_cart_button\">Viac info<\/a><\/div>\n\t\t\t<\/li><\/ul><\/div>","protected":false},"excerpt":{"rendered":"<p>Tartanov\u00e9 ihrisko. S\u00e9ria odpor\u00fa\u010dan\u00fdch produktov je dostupn\u00e1 ako \u0161tvorcov\u00e9 roho\u017ee s rozmermi 1000&#215;1000 mm. Je obohaten\u00fd o inovat\u00edvnu nehor\u013eav\u00fa zmes so samozh\u00e1\u0161av\u00fdmi vlastnos\u0165ami &#8211; tak\u017ee zaru\u010duje dodato\u010dn\u00fa ochranu objektu. N\u00e1\u0161 tartan je proti\u0161mykov\u00fd, stabilizovan\u00fd, mrazuvzdorn\u00fd, vodopriepustn\u00fd a odoln\u00fd vo\u010di UV \u017eiareniu. Vylep\u0161en\u00fd bol aj kv\u00f4li odolnosti.\u00a0<\/p>\n","protected":false},"author":1,"featured_media":0,"parent":590,"menu_order":1,"comment_status":"closed","ping_status":"closed","template":"","meta":{"ngg_post_thumbnail":0,"footnotes":""},"class_list":["post-592","page","type-page","status-publish","hentry","post"],"_links":{"self":[{"href":"https:\/\/www.3dflex.sk\/web\/index.php\/wp-json\/wp\/v2\/pages\/592","targetHints":{"allow":["GET"]}}],"collection":[{"href":"https:\/\/www.3dflex.sk\/web\/index.php\/wp-json\/wp\/v2\/pages"}],"about":[{"href":"https:\/\/www.3dflex.sk\/web\/index.php\/wp-json\/wp\/v2\/types\/page"}],"author":[{"embeddable":true,"href":"https:\/\/www.3dflex.sk\/web\/index.php\/wp-json\/wp\/v2\/users\/1"}],"replies":[{"embeddable":true,"href":"https:\/\/www.3dflex.sk\/web\/index.php\/wp-json\/wp\/v2\/comments?post=592"}],"version-history":[{"count":3,"href":"https:\/\/www.3dflex.sk\/web\/index.php\/wp-json\/wp\/v2\/pages\/592\/revisions"}],"predecessor-version":[{"id":1081,"href":"https:\/\/www.3dflex.sk\/web\/index.php\/wp-json\/wp\/v2\/pages\/592\/revisions\/1081"}],"up":[{"embeddable":true,"href":"https:\/\/www.3dflex.sk\/web\/index.php\/wp-json\/wp\/v2\/pages\/590"}],"wp:attachment":[{"href":"https:\/\/www.3dflex.sk\/web\/index.php\/wp-json\/wp\/v2\/media?parent=592"}],"curies":[{"name":"wp","href":"https:\/\/api.w.org\/{rel}","templated":true}]}}