{"id":599,"date":"2024-02-18T21:30:01","date_gmt":"2024-02-18T20:30:01","guid":{"rendered":"https:\/\/www.3dflex.sk\/web\/?page_id=599"},"modified":"2024-03-10T11:27:54","modified_gmt":"2024-03-10T10:27:54","slug":"gumove-dlazdice-pre-bazeny","status":"publish","type":"page","link":"https:\/\/www.3dflex.sk\/web\/index.php\/gumove-dlazdice-pre-bazeny\/","title":{"rendered":"Gumov\u00e9 dla\u017edice pre baz\u00e9ny"},"content":{"rendered":"\n<p>Mokr\u00e9 miesta a klzk\u00e9 miesta s\u00fa be\u017en\u00fdm probl\u00e9mom na verejn\u00fdch miestach, ako s\u00fa baz\u00e9ny, vodn\u00e9 parky a aquaparky. Po\u0161myknutia s\u00fa naj\u010dastej\u0161ou pr\u00ed\u010dinou zranenia, podniknite v\u0161etky mo\u017en\u00e9 kroky, aby ste predi\u0161li nebezpe\u010denstvu.<\/p>\n\n\n\n<p>Gumov\u00e9 roho\u017ee POOLZONE ur\u010den\u00e9 do mokr\u00fdch z\u00f3n je mo\u017en\u00e9 vyrobi\u0165 vo forme gumen\u00fdch platn\u00ed s rozmermi 500&#215;500 mm. Proti\u0161mykov\u00e9 gumen\u00e9 podlo\u017eky zaru\u010duj\u00fa lep\u0161iu pri\u013enavos\u0165 a stabilitu. Guma je prirodzene vodeodoln\u00e1 a neabsorbuje vlhkos\u0165. V\u010faka tomu si gumov\u00e9 dla\u017edice zachov\u00e1vaj\u00fa vynikaj\u00facu pri\u013enavos\u0165, maj\u00fa proti\u0161mykov\u00e9 vlastnosti, zvy\u0161uj\u00fa bezpe\u010dnos\u0165 a komfort t\u00fdm, \u017ee zabra\u0148uj\u00fa po\u0161myknutiu a p\u00e1dom.<\/p>\n\n\n\n<p>Okrem toho, \u017ee vlhkos\u0165 vystavuje \u013eud\u00ed riziku \u00farazov, m\u00f4\u017ee sp\u00f4sobi\u0165 aj vznik plesn\u00ed, ktor\u00e9 ovplyv\u0148uj\u00fa zdravie, preto je mo\u017en\u00e9 na\u0161e dosky vyrobi\u0165 aj vo verzii ACTIVEFRESH eliminuj\u00facej us\u00e1dzanie bakt\u00e9ri\u00ed a h\u00fab.&nbsp;<\/p>\n\n\n<div data-block-name=\"woocommerce\/product-category\" data-categories=\"[49]\" class=\"wc-block-grid wp-block-product-category wp-block-woocommerce-product-category wc-block-product-category has-3-columns has-multiple-rows\"><ul class=\"wc-block-grid__products\"><li class=\"wc-block-grid__product\">\n\t\t\t\t<a href=\"https:\/\/www.3dflex.sk\/web\/index.php\/produkt\/protismykova-gumova-doska-35-mm\/\" class=\"wc-block-grid__product-link\">\n\t\t\t\t\t\n\t\t\t\t\t<div class=\"wc-block-grid__product-image\"><img fetchpriority=\"high\" decoding=\"async\" width=\"300\" height=\"300\" src=\"https:\/\/www.3dflex.sk\/web\/wp-content\/uploads\/2024\/02\/plyta-gumowa-antyposlizgowa-35-mm-300x300.jpg\" class=\"attachment-woocommerce_thumbnail size-woocommerce_thumbnail\" alt=\"Proti\u0161mykov\u00e1 gumov\u00e1 doska 35 mm\" srcset=\"https:\/\/www.3dflex.sk\/web\/wp-content\/uploads\/2024\/02\/plyta-gumowa-antyposlizgowa-35-mm-300x300.jpg 300w, https:\/\/www.3dflex.sk\/web\/wp-content\/uploads\/2024\/02\/plyta-gumowa-antyposlizgowa-35-mm-150x150.jpg 150w, https:\/\/www.3dflex.sk\/web\/wp-content\/uploads\/2024\/02\/plyta-gumowa-antyposlizgowa-35-mm-768x768.jpg 768w, https:\/\/www.3dflex.sk\/web\/wp-content\/uploads\/2024\/02\/plyta-gumowa-antyposlizgowa-35-mm-600x600.jpg 600w, https:\/\/www.3dflex.sk\/web\/wp-content\/uploads\/2024\/02\/plyta-gumowa-antyposlizgowa-35-mm-100x100.jpg 100w, https:\/\/www.3dflex.sk\/web\/wp-content\/uploads\/2024\/02\/plyta-gumowa-antyposlizgowa-35-mm.jpg 1000w\" sizes=\"(max-width: 300px) 100vw, 300px\" \/><\/div>\n\t\t\t\t\t<div class=\"wc-block-grid__product-title\">Proti\u0161mykov\u00e1 gumov\u00e1 doska 35 mm<\/div>\n\t\t\t\t<\/a>\n\t\t\t\t<div class=\"wc-block-grid__product-price price\"><\/div>\n\t\t\t\t\n\t\t\t\t<div class=\"wp-block-button wc-block-grid__product-add-to-cart\"><a href=\"https:\/\/www.3dflex.sk\/web\/index.php\/produkt\/protismykova-gumova-doska-35-mm\/\" aria-label=\"V\u00fdber nastaven\u00ed pre &ldquo;Proti\u0161mykov\u00e1 gumov\u00e1 doska 35 mm&rdquo;\" data-quantity=\"1\" data-product_id=\"600\" data-product_sku=\"\" data-price=\"0\" rel=\"nofollow\" class=\"wp-block-button__link  add_to_cart_button\">Viac info<\/a><\/div>\n\t\t\t<\/li><\/ul><\/div>","protected":false},"excerpt":{"rendered":"<p>Mokr\u00e9 miesta a klzk\u00e9 miesta s\u00fa be\u017en\u00fdm probl\u00e9mom na verejn\u00fdch miestach, ako s\u00fa baz\u00e9ny, vodn\u00e9 parky a aquaparky. Po\u0161myknutia s\u00fa naj\u010dastej\u0161ou pr\u00ed\u010dinou zranenia, podniknite v\u0161etky mo\u017en\u00e9 kroky, aby ste predi\u0161li nebezpe\u010denstvu. Gumov\u00e9 roho\u017ee POOLZONE ur\u010den\u00e9 do mokr\u00fdch z\u00f3n je mo\u017en\u00e9 vyrobi\u0165 vo forme gumen\u00fdch platn\u00ed s rozmermi 500&#215;500 mm. Proti\u0161mykov\u00e9 gumen\u00e9 podlo\u017eky zaru\u010duj\u00fa lep\u0161iu pri\u013enavos\u0165 [&hellip;]<\/p>\n","protected":false},"author":1,"featured_media":0,"parent":0,"menu_order":0,"comment_status":"closed","ping_status":"closed","template":"","meta":{"ngg_post_thumbnail":0,"footnotes":""},"class_list":["post-599","page","type-page","status-publish","hentry","post"],"_links":{"self":[{"href":"https:\/\/www.3dflex.sk\/web\/index.php\/wp-json\/wp\/v2\/pages\/599","targetHints":{"allow":["GET"]}}],"collection":[{"href":"https:\/\/www.3dflex.sk\/web\/index.php\/wp-json\/wp\/v2\/pages"}],"about":[{"href":"https:\/\/www.3dflex.sk\/web\/index.php\/wp-json\/wp\/v2\/types\/page"}],"author":[{"embeddable":true,"href":"https:\/\/www.3dflex.sk\/web\/index.php\/wp-json\/wp\/v2\/users\/1"}],"replies":[{"embeddable":true,"href":"https:\/\/www.3dflex.sk\/web\/index.php\/wp-json\/wp\/v2\/comments?post=599"}],"version-history":[{"count":2,"href":"https:\/\/www.3dflex.sk\/web\/index.php\/wp-json\/wp\/v2\/pages\/599\/revisions"}],"predecessor-version":[{"id":1102,"href":"https:\/\/www.3dflex.sk\/web\/index.php\/wp-json\/wp\/v2\/pages\/599\/revisions\/1102"}],"wp:attachment":[{"href":"https:\/\/www.3dflex.sk\/web\/index.php\/wp-json\/wp\/v2\/media?parent=599"}],"curies":[{"name":"wp","href":"https:\/\/api.w.org\/{rel}","templated":true}]}}