{"id":799,"date":"2024-02-19T18:03:18","date_gmt":"2024-02-19T17:03:18","guid":{"rendered":"https:\/\/www.3dflex.sk\/web\/?page_id=799"},"modified":"2024-03-10T11:17:01","modified_gmt":"2024-03-10T10:17:01","slug":"dosky-na-ihrisko","status":"publish","type":"page","link":"https:\/\/www.3dflex.sk\/web\/index.php\/dosky-na-ihrisko\/","title":{"rendered":"Dosky na ihrisko"},"content":{"rendered":"\n<figure class=\"wp-block-image size-large\"><img fetchpriority=\"high\" decoding=\"async\" width=\"1024\" height=\"280\" src=\"https:\/\/www.3dflex.sk\/web\/wp-content\/uploads\/2024\/02\/nawierzchnia-poliuretanowa-1024x280.jpg\" alt=\"\" class=\"wp-image-800\" srcset=\"https:\/\/www.3dflex.sk\/web\/wp-content\/uploads\/2024\/02\/nawierzchnia-poliuretanowa-1024x280.jpg 1024w, https:\/\/www.3dflex.sk\/web\/wp-content\/uploads\/2024\/02\/nawierzchnia-poliuretanowa-300x82.jpg 300w, https:\/\/www.3dflex.sk\/web\/wp-content\/uploads\/2024\/02\/nawierzchnia-poliuretanowa-768x210.jpg 768w, https:\/\/www.3dflex.sk\/web\/wp-content\/uploads\/2024\/02\/nawierzchnia-poliuretanowa-600x164.jpg 600w, https:\/\/www.3dflex.sk\/web\/wp-content\/uploads\/2024\/02\/nawierzchnia-poliuretanowa.jpg 1170w\" sizes=\"(max-width: 1024px) 100vw, 1024px\" \/><\/figure>\n\n\n\n<p>Polyuret\u00e1nov\u00e9 gumy v podobe stabilizovan\u00fdch gumen\u00fdch platni\u010diek sportzone boli vytvoren\u00e9 takou technol\u00f3giou a stup\u0148om elasticity, \u017ee dobre odr\u00e1\u017eaj\u00fa loptu &#8211; pr\u00edkladom s\u00fa streetballov\u00e9 ihrisk\u00e1. V\u010faka tomu si \u013eahko a r\u00fdchlo postav\u00edte kvalitn\u00e9 viac\u00fa\u010delov\u00e9 \u0161portov\u00e9 ihrisko.<\/p>\n\n\n\n<p>Polyuret\u00e1nov\u00fd povrch s vystu\u017eenou a stabilizovanou \u0161trukt\u00farou &#8211; odoln\u00fd vo\u010di zvlneniu a rohov\u00e9mu kr\u010deniu. Gumov\u00e9 \u0161portov\u00e9 platne maj\u00fa mrazuvzdorn\u00e9, vodopriepustn\u00e9 a proti\u0161mykov\u00e9 vlastnosti a s\u00fa odoln\u00e9 vo\u010di UV \u017eiareniu.<\/p>\n\n\n\n<p>Pon\u00fakame aj mo\u017enos\u0165 nanesenia grafiky na dosky, v\u010faka \u010domu m\u00f4\u017ee by\u0165 polyuret\u00e1nov\u00fd povrch viacfarebn\u00fd alebo personalizovan\u00fd &#8211; v podobe loga, klubu alebo erbu \u0161koly.<\/p>\n\n\n\n<p>Polyuret\u00e1nov\u00fd povrch vo forme gumen\u00fdch do\u0161ti\u010diek &#8211; v\u010faka materi\u00e1lu, z ktor\u00e9ho s\u00fa vyroben\u00e9, zni\u017euj\u00fa za\u0165a\u017eenie k\u013abov a zabra\u0148uj\u00fa mo\u017en\u00fdm zraneniam. Bet\u00f3nov\u00e9 ihrisk\u00e1 s\u00fa teda u\u017e d\u00e1vno minulos\u0165ou.&nbsp;<\/p>\n\n\n<div data-block-name=\"woocommerce\/product-category\" data-categories=\"[58]\" class=\"wc-block-grid wp-block-product-category wp-block-woocommerce-product-category wc-block-product-category has-3-columns has-multiple-rows\"><ul class=\"wc-block-grid__products\"><li class=\"wc-block-grid__product\">\n\t\t\t\t<a href=\"https:\/\/www.3dflex.sk\/web\/index.php\/produkt\/sbr-gumova-doska-pre-sportove-ihriska-40-mm-siva\/\" class=\"wc-block-grid__product-link\">\n\t\t\t\t\t\n\t\t\t\t\t<div class=\"wc-block-grid__product-image\"><img decoding=\"async\" width=\"300\" height=\"300\" src=\"https:\/\/www.3dflex.sk\/web\/wp-content\/uploads\/2024\/02\/plyta-gumowa-sbr-na-taras-30mm-siva-300x300.jpg\" class=\"attachment-woocommerce_thumbnail size-woocommerce_thumbnail\" alt=\"SBR gumov\u00e1 doska pre \u0161portov\u00e9 ihrisk\u00e1 40 mm (siv\u00e1)\" srcset=\"https:\/\/www.3dflex.sk\/web\/wp-content\/uploads\/2024\/02\/plyta-gumowa-sbr-na-taras-30mm-siva-300x300.jpg 300w, https:\/\/www.3dflex.sk\/web\/wp-content\/uploads\/2024\/02\/plyta-gumowa-sbr-na-taras-30mm-siva-150x150.jpg 150w, https:\/\/www.3dflex.sk\/web\/wp-content\/uploads\/2024\/02\/plyta-gumowa-sbr-na-taras-30mm-siva-768x768.jpg 768w, https:\/\/www.3dflex.sk\/web\/wp-content\/uploads\/2024\/02\/plyta-gumowa-sbr-na-taras-30mm-siva-600x600.jpg 600w, https:\/\/www.3dflex.sk\/web\/wp-content\/uploads\/2024\/02\/plyta-gumowa-sbr-na-taras-30mm-siva-100x100.jpg 100w, https:\/\/www.3dflex.sk\/web\/wp-content\/uploads\/2024\/02\/plyta-gumowa-sbr-na-taras-30mm-siva.jpg 1000w\" sizes=\"(max-width: 300px) 100vw, 300px\" \/><\/div>\n\t\t\t\t\t<div class=\"wc-block-grid__product-title\">SBR gumov\u00e1 doska pre \u0161portov\u00e9 ihrisk\u00e1 40 mm (siv\u00e1)<\/div>\n\t\t\t\t<\/a>\n\t\t\t\t<div class=\"wc-block-grid__product-price price\"><\/div>\n\t\t\t\t\n\t\t\t\t<div class=\"wp-block-button wc-block-grid__product-add-to-cart\"><a href=\"https:\/\/www.3dflex.sk\/web\/index.php\/produkt\/sbr-gumova-doska-pre-sportove-ihriska-40-mm-siva\/\" aria-label=\"Zistite viac o &ldquo;SBR gumov\u00e1 doska pre \u0161portov\u00e9 ihrisk\u00e1 40 mm (siv\u00e1)&rdquo;\" data-quantity=\"1\" data-product_id=\"797\" data-product_sku=\"797\" data-price=\"0\" rel=\"nofollow\" class=\"wp-block-button__link  add_to_cart_button\">Viac info<\/a><\/div>\n\t\t\t<\/li><li class=\"wc-block-grid__product\">\n\t\t\t\t<a href=\"https:\/\/www.3dflex.sk\/web\/index.php\/produkt\/sbr-gumova-doska-pre-sportove-ihriska-40-mm-zelena\/\" class=\"wc-block-grid__product-link\">\n\t\t\t\t\t\n\t\t\t\t\t<div class=\"wc-block-grid__product-image\"><img decoding=\"async\" width=\"300\" height=\"300\" src=\"https:\/\/www.3dflex.sk\/web\/wp-content\/uploads\/2024\/02\/plyta-gumowa-sbr-na-taras-30mm-zelena-300x300.jpg\" class=\"attachment-woocommerce_thumbnail size-woocommerce_thumbnail\" alt=\"SBR gumov\u00e1 doska pre \u0161portov\u00e9 ihrisk\u00e1 40 mm (zelen\u00e1)\" srcset=\"https:\/\/www.3dflex.sk\/web\/wp-content\/uploads\/2024\/02\/plyta-gumowa-sbr-na-taras-30mm-zelena-300x300.jpg 300w, https:\/\/www.3dflex.sk\/web\/wp-content\/uploads\/2024\/02\/plyta-gumowa-sbr-na-taras-30mm-zelena-150x150.jpg 150w, https:\/\/www.3dflex.sk\/web\/wp-content\/uploads\/2024\/02\/plyta-gumowa-sbr-na-taras-30mm-zelena-768x768.jpg 768w, https:\/\/www.3dflex.sk\/web\/wp-content\/uploads\/2024\/02\/plyta-gumowa-sbr-na-taras-30mm-zelena-600x600.jpg 600w, https:\/\/www.3dflex.sk\/web\/wp-content\/uploads\/2024\/02\/plyta-gumowa-sbr-na-taras-30mm-zelena-100x100.jpg 100w, https:\/\/www.3dflex.sk\/web\/wp-content\/uploads\/2024\/02\/plyta-gumowa-sbr-na-taras-30mm-zelena.jpg 1000w\" sizes=\"(max-width: 300px) 100vw, 300px\" \/><\/div>\n\t\t\t\t\t<div class=\"wc-block-grid__product-title\">SBR gumov\u00e1 doska pre \u0161portov\u00e9 ihrisk\u00e1 40 mm (zelen\u00e1)<\/div>\n\t\t\t\t<\/a>\n\t\t\t\t<div class=\"wc-block-grid__product-price price\"><\/div>\n\t\t\t\t\n\t\t\t\t<div class=\"wp-block-button wc-block-grid__product-add-to-cart\"><a href=\"https:\/\/www.3dflex.sk\/web\/index.php\/produkt\/sbr-gumova-doska-pre-sportove-ihriska-40-mm-zelena\/\" aria-label=\"Zistite viac o &ldquo;SBR gumov\u00e1 doska pre \u0161portov\u00e9 ihrisk\u00e1 40 mm (zelen\u00e1)&rdquo;\" data-quantity=\"1\" data-product_id=\"795\" data-product_sku=\"795\" data-price=\"0\" rel=\"nofollow\" class=\"wp-block-button__link  add_to_cart_button\">Viac info<\/a><\/div>\n\t\t\t<\/li><li class=\"wc-block-grid__product\">\n\t\t\t\t<a href=\"https:\/\/www.3dflex.sk\/web\/index.php\/produkt\/sbr-gumova-doska-pre-sportove-ihriska-40-mm-cervena\/\" class=\"wc-block-grid__product-link\">\n\t\t\t\t\t\n\t\t\t\t\t<div class=\"wc-block-grid__product-image\"><img loading=\"lazy\" decoding=\"async\" width=\"300\" height=\"300\" src=\"https:\/\/www.3dflex.sk\/web\/wp-content\/uploads\/2024\/02\/plyta-gumowa-sbr-na-taras-30mm-cervena-300x300.jpg\" class=\"attachment-woocommerce_thumbnail size-woocommerce_thumbnail\" alt=\"SBR gumov\u00e1 doska pre \u0161portov\u00e9 ihrisk\u00e1 40 mm (\u010derven\u00e1)\" srcset=\"https:\/\/www.3dflex.sk\/web\/wp-content\/uploads\/2024\/02\/plyta-gumowa-sbr-na-taras-30mm-cervena-300x300.jpg 300w, https:\/\/www.3dflex.sk\/web\/wp-content\/uploads\/2024\/02\/plyta-gumowa-sbr-na-taras-30mm-cervena-150x150.jpg 150w, https:\/\/www.3dflex.sk\/web\/wp-content\/uploads\/2024\/02\/plyta-gumowa-sbr-na-taras-30mm-cervena-768x768.jpg 768w, https:\/\/www.3dflex.sk\/web\/wp-content\/uploads\/2024\/02\/plyta-gumowa-sbr-na-taras-30mm-cervena-600x600.jpg 600w, https:\/\/www.3dflex.sk\/web\/wp-content\/uploads\/2024\/02\/plyta-gumowa-sbr-na-taras-30mm-cervena-100x100.jpg 100w, https:\/\/www.3dflex.sk\/web\/wp-content\/uploads\/2024\/02\/plyta-gumowa-sbr-na-taras-30mm-cervena.jpg 1000w\" sizes=\"(max-width: 300px) 100vw, 300px\" \/><\/div>\n\t\t\t\t\t<div class=\"wc-block-grid__product-title\">SBR gumov\u00e1 doska pre \u0161portov\u00e9 ihrisk\u00e1 40 mm (\u010derven\u00e1)<\/div>\n\t\t\t\t<\/a>\n\t\t\t\t<div class=\"wc-block-grid__product-price price\"><\/div>\n\t\t\t\t\n\t\t\t\t<div class=\"wp-block-button wc-block-grid__product-add-to-cart\"><a href=\"https:\/\/www.3dflex.sk\/web\/index.php\/produkt\/sbr-gumova-doska-pre-sportove-ihriska-40-mm-cervena\/\" aria-label=\"Zistite viac o &ldquo;SBR gumov\u00e1 doska pre \u0161portov\u00e9 ihrisk\u00e1 40 mm (\u010derven\u00e1)&rdquo;\" data-quantity=\"1\" data-product_id=\"792\" data-product_sku=\"792\" data-price=\"0\" rel=\"nofollow\" class=\"wp-block-button__link  add_to_cart_button\">Viac info<\/a><\/div>\n\t\t\t<\/li><li class=\"wc-block-grid__product\">\n\t\t\t\t<a href=\"https:\/\/www.3dflex.sk\/web\/index.php\/produkt\/sbr-gumova-doska-pre-sportove-ihriska-40-mm-cierna\/\" class=\"wc-block-grid__product-link\">\n\t\t\t\t\t\n\t\t\t\t\t<div class=\"wc-block-grid__product-image\"><img loading=\"lazy\" decoding=\"async\" width=\"300\" height=\"300\" src=\"https:\/\/www.3dflex.sk\/web\/wp-content\/uploads\/2024\/02\/plyta-gumowa-sbr-na-taras-30mm-300x300.jpg\" class=\"attachment-woocommerce_thumbnail size-woocommerce_thumbnail\" alt=\"SBR gumov\u00e1 doska pre \u0161portov\u00e9 ihrisk\u00e1 40 mm (\u010dierna)\" srcset=\"https:\/\/www.3dflex.sk\/web\/wp-content\/uploads\/2024\/02\/plyta-gumowa-sbr-na-taras-30mm-300x300.jpg 300w, https:\/\/www.3dflex.sk\/web\/wp-content\/uploads\/2024\/02\/plyta-gumowa-sbr-na-taras-30mm-150x150.jpg 150w, https:\/\/www.3dflex.sk\/web\/wp-content\/uploads\/2024\/02\/plyta-gumowa-sbr-na-taras-30mm-768x768.jpg 768w, https:\/\/www.3dflex.sk\/web\/wp-content\/uploads\/2024\/02\/plyta-gumowa-sbr-na-taras-30mm-600x600.jpg 600w, https:\/\/www.3dflex.sk\/web\/wp-content\/uploads\/2024\/02\/plyta-gumowa-sbr-na-taras-30mm-100x100.jpg 100w, https:\/\/www.3dflex.sk\/web\/wp-content\/uploads\/2024\/02\/plyta-gumowa-sbr-na-taras-30mm.jpg 1000w\" sizes=\"(max-width: 300px) 100vw, 300px\" \/><\/div>\n\t\t\t\t\t<div class=\"wc-block-grid__product-title\">SBR gumov\u00e1 doska pre \u0161portov\u00e9 ihrisk\u00e1 40 mm (\u010dierna)<\/div>\n\t\t\t\t<\/a>\n\t\t\t\t<div class=\"wc-block-grid__product-price price\"><\/div>\n\t\t\t\t\n\t\t\t\t<div class=\"wp-block-button wc-block-grid__product-add-to-cart\"><a href=\"https:\/\/www.3dflex.sk\/web\/index.php\/produkt\/sbr-gumova-doska-pre-sportove-ihriska-40-mm-cierna\/\" aria-label=\"Zistite viac o &ldquo;SBR gumov\u00e1 doska pre \u0161portov\u00e9 ihrisk\u00e1 40 mm (\u010dierna)&rdquo;\" data-quantity=\"1\" data-product_id=\"789\" data-product_sku=\"789\" data-price=\"0\" rel=\"nofollow\" class=\"wp-block-button__link  add_to_cart_button\">Viac info<\/a><\/div>\n\t\t\t<\/li><\/ul><\/div>","protected":false},"excerpt":{"rendered":"<p>Polyuret\u00e1nov\u00e9 gumy v podobe stabilizovan\u00fdch gumen\u00fdch platni\u010diek sportzone boli vytvoren\u00e9 takou technol\u00f3giou a stup\u0148om elasticity, \u017ee dobre odr\u00e1\u017eaj\u00fa loptu &#8211; pr\u00edkladom s\u00fa streetballov\u00e9 ihrisk\u00e1. V\u010faka tomu si \u013eahko a r\u00fdchlo postav\u00edte kvalitn\u00e9 viac\u00fa\u010delov\u00e9 \u0161portov\u00e9 ihrisko. Polyuret\u00e1nov\u00fd povrch s vystu\u017eenou a stabilizovanou \u0161trukt\u00farou &#8211; odoln\u00fd vo\u010di zvlneniu a rohov\u00e9mu kr\u010deniu. Gumov\u00e9 \u0161portov\u00e9 platne maj\u00fa mrazuvzdorn\u00e9, vodopriepustn\u00e9 [&hellip;]<\/p>\n","protected":false},"author":1,"featured_media":0,"parent":0,"menu_order":0,"comment_status":"closed","ping_status":"closed","template":"","meta":{"ngg_post_thumbnail":0,"footnotes":""},"class_list":["post-799","page","type-page","status-publish","hentry","post"],"_links":{"self":[{"href":"https:\/\/www.3dflex.sk\/web\/index.php\/wp-json\/wp\/v2\/pages\/799","targetHints":{"allow":["GET"]}}],"collection":[{"href":"https:\/\/www.3dflex.sk\/web\/index.php\/wp-json\/wp\/v2\/pages"}],"about":[{"href":"https:\/\/www.3dflex.sk\/web\/index.php\/wp-json\/wp\/v2\/types\/page"}],"author":[{"embeddable":true,"href":"https:\/\/www.3dflex.sk\/web\/index.php\/wp-json\/wp\/v2\/users\/1"}],"replies":[{"embeddable":true,"href":"https:\/\/www.3dflex.sk\/web\/index.php\/wp-json\/wp\/v2\/comments?post=799"}],"version-history":[{"count":2,"href":"https:\/\/www.3dflex.sk\/web\/index.php\/wp-json\/wp\/v2\/pages\/799\/revisions"}],"predecessor-version":[{"id":1104,"href":"https:\/\/www.3dflex.sk\/web\/index.php\/wp-json\/wp\/v2\/pages\/799\/revisions\/1104"}],"wp:attachment":[{"href":"https:\/\/www.3dflex.sk\/web\/index.php\/wp-json\/wp\/v2\/media?parent=799"}],"curies":[{"name":"wp","href":"https:\/\/api.w.org\/{rel}","templated":true}]}}