{"id":971,"date":"2024-02-21T18:23:14","date_gmt":"2024-02-21T17:23:14","guid":{"rendered":"https:\/\/www.3dflex.sk\/web\/?page_id=971"},"modified":"2024-03-10T11:30:26","modified_gmt":"2024-03-10T10:30:26","slug":"o-nas","status":"publish","type":"page","link":"https:\/\/www.3dflex.sk\/web\/index.php\/o-nas\/","title":{"rendered":"O n\u00e1s"},"content":{"rendered":"\n<h1 class=\"wp-block-heading\">3dflex \u2013 kto sme a \u010do rob\u00edme<\/h1>\n\n\n\n<p>Na\u0161a firma pon\u00faka bezpe\u010dn\u00e9 povrchy pre ihrisk\u00e1, \u0161portovisk\u00e1, telocvi\u010dne, terasy, uli\u010dky a in\u00e9 rekrea\u010dn\u00e9 a \u0161portov\u00e9 plochy v podobe rie\u0161en\u00ed ako&nbsp;SBR a EPDM&nbsp;<strong>polyuret\u00e1nov\u00e9 dosky ,&nbsp;PUZZLE roho\u017ee<\/strong>&nbsp;,&nbsp;<strong>hypertrofick\u00e9 roho\u017ee<\/strong>&nbsp;, gumen\u00e9 dla\u017eobn\u00e9 kocky, gumen\u00e9 hrany a rampy a tie\u017e ako flexibiln\u00e9 liate plochy. <\/p>\n\n\n\n<p>Hodnoty, ktor\u00fdmi sa riadime v na\u0161om s\u00fakromnom \u017eivote, ako je rodina, l\u00e1skavos\u0165 a bezpe\u010dnos\u0165, maj\u00fa obrovsk\u00fd vplyv na sp\u00f4sob, ak\u00fdm vedieme na\u0161e podnikanie. Sna\u017e\u00edme sa zabezpe\u010di\u0165, aby cel\u00fd n\u00e1\u0161 t\u00edm fantastick\u00fdch \u013eud\u00ed  tvoril kolekt\u00edv a mal skuto\u010dn\u00fd vplyv na rozvoj spolo\u010dnosti. Ver\u00edme, \u017ee na\u0161i zamestnanci s\u00fa na\u0161ou najv\u00e4\u010d\u0161ou dev\u00edzou. Preto sa im sna\u017e\u00edme poskytn\u00fa\u0165 bezpe\u010dn\u00e9 a priazniv\u00e9 pracovn\u00e9 podmienky, ako aj mo\u017enosti profesion\u00e1lneho rozvoja. Ver\u00edme, \u017ee invest\u00edciou do na\u0161ich zamestnancov m\u00f4\u017eeme vytvori\u0165 lep\u0161iu bud\u00facnos\u0165 pre na\u0161u spolo\u010dnos\u0165 a na\u0161ich z\u00e1kazn\u00edkov.<\/p>\n\n\n\n<p>Zaviazali sme sa tie\u017e k ochrane \u017eivotn\u00e9ho prostredia. Na\u0161e v\u00fdrobky s\u00fa vyroben\u00e9 z gumov\u00e9ho granul\u00e1tu z recyklovan\u00fdch ojazden\u00fdch automobilov\u00fdch pneumat\u00edk. V\u010faka tomu pom\u00e1hame nielen zni\u017eova\u0165 odpad, ale aj chr\u00e1ni\u0165 pr\u00edrodn\u00e9 prostredie.<\/p>\n\n\n\n<p>V 3dflex neust\u00e1le h\u013ead\u00e1me nov\u00e9 rie\u0161enia, ktor\u00e9 m\u00f4\u017eu prispie\u0165 k lep\u0161iemu svetu. Pri vytv\u00e1ran\u00ed inovat\u00edvnych produktov a rie\u0161en\u00ed spolupracujeme s najlep\u0161\u00edmi \u0161pecialistami v r\u00f4znych oblastiach. Sme otvoren\u00ed spolupr\u00e1ci s in\u00fdmi spolo\u010dnos\u0165ami a organiz\u00e1ciami, ktor\u00e9 maj\u00fa podobn\u00e9 ciele a hodnoty.<\/p>\n\n\n\n<figure class=\"wp-block-image size-full\"><img fetchpriority=\"high\" decoding=\"async\" width=\"1024\" height=\"565\" src=\"https:\/\/www.3dflex.sk\/web\/wp-content\/uploads\/2024\/02\/Flexizone-firma-bezpieczne-nawierzchnie-1024x565-1.jpg\" alt=\"\" class=\"wp-image-1007\" srcset=\"https:\/\/www.3dflex.sk\/web\/wp-content\/uploads\/2024\/02\/Flexizone-firma-bezpieczne-nawierzchnie-1024x565-1.jpg 1024w, https:\/\/www.3dflex.sk\/web\/wp-content\/uploads\/2024\/02\/Flexizone-firma-bezpieczne-nawierzchnie-1024x565-1-300x166.jpg 300w, https:\/\/www.3dflex.sk\/web\/wp-content\/uploads\/2024\/02\/Flexizone-firma-bezpieczne-nawierzchnie-1024x565-1-768x424.jpg 768w, https:\/\/www.3dflex.sk\/web\/wp-content\/uploads\/2024\/02\/Flexizone-firma-bezpieczne-nawierzchnie-1024x565-1-600x331.jpg 600w\" sizes=\"(max-width: 1024px) 100vw, 1024px\" \/><\/figure>\n","protected":false},"excerpt":{"rendered":"<p>3dflex \u2013 kto sme a \u010do rob\u00edme Na\u0161a firma pon\u00faka bezpe\u010dn\u00e9 povrchy pre ihrisk\u00e1, \u0161portovisk\u00e1, telocvi\u010dne, terasy, uli\u010dky a in\u00e9 rekrea\u010dn\u00e9 a \u0161portov\u00e9 plochy v podobe rie\u0161en\u00ed ako&nbsp;SBR a EPDM&nbsp;polyuret\u00e1nov\u00e9 dosky ,&nbsp;PUZZLE roho\u017ee&nbsp;,&nbsp;hypertrofick\u00e9 roho\u017ee&nbsp;, gumen\u00e9 dla\u017eobn\u00e9 kocky, gumen\u00e9 hrany a rampy a tie\u017e ako flexibiln\u00e9 liate plochy. Hodnoty, ktor\u00fdmi sa riadime v na\u0161om s\u00fakromnom \u017eivote, [&hellip;]<\/p>\n","protected":false},"author":1,"featured_media":0,"parent":0,"menu_order":0,"comment_status":"closed","ping_status":"closed","template":"","meta":{"ngg_post_thumbnail":0,"footnotes":""},"class_list":["post-971","page","type-page","status-publish","hentry","post"],"_links":{"self":[{"href":"https:\/\/www.3dflex.sk\/web\/index.php\/wp-json\/wp\/v2\/pages\/971","targetHints":{"allow":["GET"]}}],"collection":[{"href":"https:\/\/www.3dflex.sk\/web\/index.php\/wp-json\/wp\/v2\/pages"}],"about":[{"href":"https:\/\/www.3dflex.sk\/web\/index.php\/wp-json\/wp\/v2\/types\/page"}],"author":[{"embeddable":true,"href":"https:\/\/www.3dflex.sk\/web\/index.php\/wp-json\/wp\/v2\/users\/1"}],"replies":[{"embeddable":true,"href":"https:\/\/www.3dflex.sk\/web\/index.php\/wp-json\/wp\/v2\/comments?post=971"}],"version-history":[{"count":3,"href":"https:\/\/www.3dflex.sk\/web\/index.php\/wp-json\/wp\/v2\/pages\/971\/revisions"}],"predecessor-version":[{"id":1010,"href":"https:\/\/www.3dflex.sk\/web\/index.php\/wp-json\/wp\/v2\/pages\/971\/revisions\/1010"}],"wp:attachment":[{"href":"https:\/\/www.3dflex.sk\/web\/index.php\/wp-json\/wp\/v2\/media?parent=971"}],"curies":[{"name":"wp","href":"https:\/\/api.w.org\/{rel}","templated":true}]}}