{"id":341,"date":"2024-02-17T21:55:40","date_gmt":"2024-02-17T20:55:40","guid":{"rendered":"https:\/\/www.3dflex.sk\/web\/?post_type=product&#038;p=341"},"modified":"2024-02-24T20:21:25","modified_gmt":"2024-02-24T19:21:25","slug":"sbr-gumova-doska-cierna-35-mm","status":"publish","type":"product","link":"https:\/\/www.3dflex.sk\/web\/index.php\/produkt\/sbr-gumova-doska-cierna-35-mm\/","title":{"rendered":"SBR gumov\u00e1 doska 35 mm (\u010dierna)"},"content":{"rendered":"<p class=\"Standard\"><span class=\"StrongEmphasis\"><strong>Gumov\u00e9 podlo\u017eky tlmiace n\u00e1razy pre dom\u00e1ce ihrisk\u00e1<\/strong> .<\/span><\/p>\n<p class=\"Standard\"><span class=\"StrongEmphasis\">Pre pou\u017eitie v z\u00e1hrad\u00e1ch s\u00fa ur\u010den\u00e9 bezpe\u010dn\u00e9 gumen\u00e9 povrchy z 35mm hrub\u00fdch SBR dosiek. Dosky s\u00fa bezpe\u010dn\u00e9 pri kontakte s poko\u017ekou &#8211; certifik\u00e1t <\/span><span class=\"StrongEmphasis\">PZH <\/span><span class=\"StrongEmphasis\">. Zni\u017euj\u00fa riziko poranenia det\u00ed pri <\/span><span class=\"StrongEmphasis\">p\u00e1de <\/span><span class=\"StrongEmphasis\">a eliminuj\u00fa tvorbu kalu\u017e\u00ed na ihrisku. Hracia plocha pokryt\u00e1 <strong>dla\u017edicami tlmiacimi n\u00e1razy FLEXIZONE<\/strong> zost\u00e1va \u010dist\u00e1 a bez blata aj po\u010das da\u017ediv\u00fdch dn\u00ed. <strong>Gumov\u00e9 dosky SBR<\/strong> s\u00fa farben\u00e9 v celej kon\u0161trukcii, \u010d\u00edm sa zvy\u0161uje stabilita kon\u0161trukcie v celom priereze dosky.<\/span><\/p>\n<p class=\"Standard\"><strong><span class=\"StrongEmphasis\">Ve\u013ekos\u0165 dosky: 500 mm x 500 mm<\/span><\/strong><\/p>\n<p class=\"Standard\"><strong><span class=\"StrongEmphasis\">Hr\u00fabka: 35 mm<\/span><\/strong><\/p>\n","protected":false},"excerpt":{"rendered":"<p><strong><span class=\"StrongEmphasis\"><span class=\"\">Sp\u00f4sob mont\u00e1\u017ee:<\/span><\/span><\/strong><\/p>\n<p class=\"Standard\"><span class=\"StrongEmphasis\">Gumov\u00e9 platne tlmiace n\u00e1razy pre dom\u00e1ce ihrisk\u00e1 maj\u00fa otvory pre mont\u00e1\u017ene kol\u00edky (kol\u00edky s\u00fa s\u00fa\u010das\u0165ou s\u00fapravy), ktor\u00e9 by sa mali pou\u017ei\u0165 na spojenie susedn\u00fdch platn\u00ed s rozperou.<\/span><\/p>\n<p>&nbsp;<\/p>\n<p><span class=\"StrongEmphasis\"><strong>P dosky<\/strong> maj\u00fa nasleduj\u00face <\/span><span class=\"StrongEmphasis\">vlastnosti:<\/span><\/p>\n<p class=\"Standard\">\u00b7 <span class=\"StrongEmphasis\">proti\u0161mykov\u00e1<\/span><\/p>\n<p class=\"Standard\">\u00b7 <span class=\"StrongEmphasis\">tlmenie n\u00e1razov<\/span><\/p>\n<p class=\"Standard\">\u00b7 <span class=\"StrongEmphasis\">stabiliz\u00e1cia<\/span><\/p>\n<p class=\"Standard\">\u00b7 <span class=\"StrongEmphasis\">ma\u0165 hygienick\u00fd preukaz PZH<\/span><\/p>\n<p class=\"Standard\">\u00b7<span class=\"\">vylep\u0161en\u00fd proti starnutiu <\/span><\/p>\n<p>&nbsp;<\/p>\n<p class=\"Standard\"><strong><span class=\"StrongEmphasis\">Technick\u00e9 parametre:<\/span><\/strong><\/p>\n<p><span class=\"StrongEmphasis\"><strong>Materi\u00e1l:<\/strong> SBR granule<\/span><\/p>\n<p><span class=\"StrongEmphasis\"><strong>Farba:<\/strong> \u010dierna \/ \u010derven\u00e1 \/ \u0161ed\u00e1 \/ hned\u00e1 \/ zelen\u00e1<\/span><\/p>\n<p><strong><span class=\"StrongEmphasis\">Z\u00e1ruka: 24 mesiacov<\/span><\/strong><\/p>\n","protected":false},"featured_media":348,"comment_status":"open","ping_status":"closed","template":"","meta":{"ngg_post_thumbnail":0},"product_brand":[],"product_cat":[39,38],"product_tag":[],"class_list":{"0":"post-341","1":"product","2":"type-product","3":"status-publish","4":"has-post-thumbnail","6":"product_cat-domace-ihrisko","7":"product_cat-povrchy-ihrisk","8":"post","9":"post-with-thumbnail","10":"post-with-thumbnail-large","12":"first","13":"instock","14":"taxable","15":"shipping-taxable","16":"product-type-variable","17":"has-default-attributes"},"_links":{"self":[{"href":"https:\/\/www.3dflex.sk\/web\/index.php\/wp-json\/wp\/v2\/product\/341","targetHints":{"allow":["GET"]}}],"collection":[{"href":"https:\/\/www.3dflex.sk\/web\/index.php\/wp-json\/wp\/v2\/product"}],"about":[{"href":"https:\/\/www.3dflex.sk\/web\/index.php\/wp-json\/wp\/v2\/types\/product"}],"replies":[{"embeddable":true,"href":"https:\/\/www.3dflex.sk\/web\/index.php\/wp-json\/wp\/v2\/comments?post=341"}],"version-history":[{"count":5,"href":"https:\/\/www.3dflex.sk\/web\/index.php\/wp-json\/wp\/v2\/product\/341\/revisions"}],"predecessor-version":[{"id":1112,"href":"https:\/\/www.3dflex.sk\/web\/index.php\/wp-json\/wp\/v2\/product\/341\/revisions\/1112"}],"wp:featuredmedia":[{"embeddable":true,"href":"https:\/\/www.3dflex.sk\/web\/index.php\/wp-json\/wp\/v2\/media\/348"}],"wp:attachment":[{"href":"https:\/\/www.3dflex.sk\/web\/index.php\/wp-json\/wp\/v2\/media?parent=341"}],"wp:term":[{"taxonomy":"product_brand","embeddable":true,"href":"https:\/\/www.3dflex.sk\/web\/index.php\/wp-json\/wp\/v2\/product_brand?post=341"},{"taxonomy":"product_cat","embeddable":true,"href":"https:\/\/www.3dflex.sk\/web\/index.php\/wp-json\/wp\/v2\/product_cat?post=341"},{"taxonomy":"product_tag","embeddable":true,"href":"https:\/\/www.3dflex.sk\/web\/index.php\/wp-json\/wp\/v2\/product_tag?post=341"}],"curies":[{"name":"wp","href":"https:\/\/api.w.org\/{rel}","templated":true}]}}