{"id":349,"date":"2024-02-17T22:08:41","date_gmt":"2024-02-17T21:08:41","guid":{"rendered":"https:\/\/www.3dflex.sk\/web\/?post_type=product&#038;p=349"},"modified":"2025-12-06T15:51:48","modified_gmt":"2025-12-06T14:51:48","slug":"gumova-doska-sbr-40-mm","status":"publish","type":"product","link":"https:\/\/www.3dflex.sk\/web\/index.php\/produkt\/gumova-doska-sbr-40-mm\/","title":{"rendered":"Gumov\u00e1 doska SBR 40 mm"},"content":{"rendered":"<div id=\"product-description-short-4\" class=\"description-short\">\n<p><strong>Flexibiln\u00fd povrch ihriska vyroben\u00fd z SBR gumov\u00fdch dosiek<\/strong> .<\/p>\n<p>Bezpe\u010dn\u00e9 povrchy s\u00fa vyr\u00e1ban\u00e9 pod\u013ea schv\u00e1len\u00fdch postupov, pod pr\u00edsnou <strong>kontrolou kvality T\u00dcV. <\/strong>Ka\u017ed\u00e1 vyroben\u00e1 \u0161ar\u017ea je navy\u0161e vo vlastnom laborat\u00f3riu testovan\u00e1 na amortiz\u00e1ciu a koeficient <strong>Gmax<\/strong> , v\u010faka \u010domu produkty z\u00edskavaj\u00fa certifik\u00e1t s garantovan\u00fdm koeficientom <strong>HIC<\/strong> pod\u013ea najnov\u0161ej normy <strong>PN-EN 1177:2019<\/strong> .<\/p>\n<p><strong>Ve\u013ekos\u0165 dosky: 500 mm x 500 mm<\/strong><\/p>\n<p><strong>HIC: 1,3 m<\/strong><\/p>\n<\/div>\n","protected":false},"excerpt":{"rendered":"<p><strong>Gumov\u00e9 platne SBR<\/strong> s\u00fa farebn\u00e9 v celej kon\u0161trukcii (jednofarebn\u00e9), tak\u017ee ich \u0161trukt\u00fara je v celom priereze rovnak\u00e1. T\u00e1to stabiliz\u00e1cia zabra\u0148uje vod\u00e1ckemu efektu a zvlneniu rohov dosiek.<br \/>\nJednosmern\u00fd sp\u00f4sob sp\u00e1jania bezpe\u010dnej plochy z gumov\u00fdch dla\u017ed\u00edc FLEXIZONE pre detsk\u00e9 ihrisk\u00e1 zvy\u0161uje ich stabilitu a z\u00e1rove\u0148 ur\u00fdch\u013euje proces mont\u00e1\u017ee. Mno\u017estvo \u00faprav a testov starnutia viedlo k z\u00edskaniu produktu odoln\u00e9ho vo\u010di UV \u017eiareniu.<\/p>\n<p><strong>Vlastnosti gumen\u00fdch dosiek FLEXIZONE:<\/strong><br \/>\n\u2022 vysok\u00e1 tlmivos\u0165 n\u00e1razov &#8211; ka\u017ed\u00e1 \u0161ar\u017ea je testovan\u00e1 vo vlastnom laborat\u00f3riu na tlmenie a tlmenie n\u00e1razov &#8211; ZARU\u010cEN\u00c1 HIC<br \/>\n\u2022 odoln\u00e1 vo\u010di UV \u017eiareniu &#8211; plat\u00ed pre DOSKY SBR a EPDM<br \/>\n\u2022 jednosmern\u00fd sp\u00f4sob sp\u00e1jania dosiek zvy\u0161uje ich stabilitu<br \/>\n\u2022 proti\u0161mykov\u00e9, mrazuvzdorn\u00e9 a vodopriepustn\u00e9<br \/>\n\u2022 maj\u00fa hygienick\u00fd certifik\u00e1t N\u00e1rodn\u00e9ho hygienick\u00e9ho \u00fastavu<br \/>\n\u2022 sp\u013a\u0148aj\u00fa najnov\u0161iu normu pre detsk\u00e9 ihrisk\u00e1 PN-EN 1177:2019.<br \/>\n\u2022 vylep\u0161en\u00fd proti starnutiu<br \/>\n\u2022 produkt vyroben\u00fd pod\u013ea schv\u00e1len\u00fdch postupov pod pr\u00edsnou kontrolou kvality T\u00dcV<\/p>\n<p><strong>Z\u00e1ruka: 24 mesiacov<\/strong><\/p>\n","protected":false},"featured_media":354,"comment_status":"open","ping_status":"closed","template":"","meta":{"ngg_post_thumbnail":0},"product_brand":[],"product_cat":[38,40],"product_tag":[],"class_list":{"0":"post-349","1":"product","2":"type-product","3":"status-publish","4":"has-post-thumbnail","6":"product_cat-povrchy-ihrisk","7":"product_cat-sbr-dosky","8":"post","9":"post-with-thumbnail","10":"post-with-thumbnail-large","12":"first","13":"instock","14":"taxable","15":"shipping-taxable","16":"purchasable","17":"product-type-variable","18":"has-default-attributes"},"_links":{"self":[{"href":"https:\/\/www.3dflex.sk\/web\/index.php\/wp-json\/wp\/v2\/product\/349","targetHints":{"allow":["GET"]}}],"collection":[{"href":"https:\/\/www.3dflex.sk\/web\/index.php\/wp-json\/wp\/v2\/product"}],"about":[{"href":"https:\/\/www.3dflex.sk\/web\/index.php\/wp-json\/wp\/v2\/types\/product"}],"replies":[{"embeddable":true,"href":"https:\/\/www.3dflex.sk\/web\/index.php\/wp-json\/wp\/v2\/comments?post=349"}],"version-history":[{"count":2,"href":"https:\/\/www.3dflex.sk\/web\/index.php\/wp-json\/wp\/v2\/product\/349\/revisions"}],"predecessor-version":[{"id":388,"href":"https:\/\/www.3dflex.sk\/web\/index.php\/wp-json\/wp\/v2\/product\/349\/revisions\/388"}],"wp:featuredmedia":[{"embeddable":true,"href":"https:\/\/www.3dflex.sk\/web\/index.php\/wp-json\/wp\/v2\/media\/354"}],"wp:attachment":[{"href":"https:\/\/www.3dflex.sk\/web\/index.php\/wp-json\/wp\/v2\/media?parent=349"}],"wp:term":[{"taxonomy":"product_brand","embeddable":true,"href":"https:\/\/www.3dflex.sk\/web\/index.php\/wp-json\/wp\/v2\/product_brand?post=349"},{"taxonomy":"product_cat","embeddable":true,"href":"https:\/\/www.3dflex.sk\/web\/index.php\/wp-json\/wp\/v2\/product_cat?post=349"},{"taxonomy":"product_tag","embeddable":true,"href":"https:\/\/www.3dflex.sk\/web\/index.php\/wp-json\/wp\/v2\/product_tag?post=349"}],"curies":[{"name":"wp","href":"https:\/\/api.w.org\/{rel}","templated":true}]}}