{"id":540,"date":"2024-02-18T13:41:22","date_gmt":"2024-02-18T12:41:22","guid":{"rendered":"https:\/\/www.3dflex.sk\/web\/?post_type=product&#038;p=540"},"modified":"2024-02-24T18:37:11","modified_gmt":"2024-02-24T17:37:11","slug":"gumovy-kryt-na-betonove-hrany-sbr-80mm","status":"publish","type":"product","link":"https:\/\/www.3dflex.sk\/web\/index.php\/produkt\/gumovy-kryt-na-betonove-hrany-sbr-80mm\/","title":{"rendered":"Gumov\u00fd kryt na bet\u00f3nov\u00e9 hrany SBR 80mm"},"content":{"rendered":"<p><strong>Bezpe\u010dn\u00e9 gumov\u00e9 prekrytia SBR\u00a0<\/strong> s\u00fa dostupn\u00e9 v 4 farb\u00e1ch.<\/p>\n<p>Cena je za 1 meter.<\/p>\n<p><strong>Rozmery prekrytia: 1000 mm x 100 mm<\/strong><\/p>\n<p><strong>Vn\u00fatorn\u00fd rozmer: 80 mm<\/strong><\/p>\n","protected":false},"excerpt":{"rendered":"<div id=\"description\" class=\"tab-pane fade in active\" role=\"tabpanel\">\n<div class=\"product-description\">\n<p><strong><span class=\"\">Gumov\u00e9 podlo\u017eky s\u00fa ur\u010den\u00e9 na ochranu bet\u00f3nov\u00fdch hr\u00e1n<\/span><\/strong><\/p>\n<ul>\n<li>z\u00f3ny ihr\u00edsk<\/li>\n<li>viac\u00fa\u010delov\u00e9 \u0161portov\u00e9 ihrisk\u00e1.<\/li>\n<\/ul>\n<p><strong>Vlastnosti bezpe\u010dn\u00fdch gumov\u00fdch podlo\u017eiek FLEXIZONE:<\/strong><\/p>\n<ul>\n<li>Maj\u00fa vlastnosti tlmiace n\u00e1razy<\/li>\n<li>proti\u0161mykov\u00e9, mrazuvzdorn\u00e9 a vodopriepustn\u00e9<\/li>\n<li>maj\u00fa hygienick\u00fd certifik\u00e1t PZH a sp\u013a\u0148aj\u00fa najnov\u0161iu normu pre detsk\u00e9 ihrisk\u00e1 PN-EN 1177:2019<\/li>\n<li>Vystu\u017een\u00e1 kon\u0161trukcia zvy\u0161uje odolnos\u0165 proti mechanick\u00e9mu po\u0161kodeniu.<\/li>\n<li>produkt vyroben\u00fd pod\u013ea schv\u00e1len\u00fdch postupov pod pr\u00edsnou kontrolou kvality T\u00dcV<\/li>\n<\/ul>\n<p><strong>Z\u00e1ruka: 24 mesiacov<\/strong><\/p>\n<\/div>\n<\/div>\n","protected":false},"featured_media":545,"comment_status":"open","ping_status":"closed","template":"","meta":{"ngg_post_thumbnail":0},"product_brand":[],"product_cat":[44],"product_tag":[],"class_list":{"0":"post-540","1":"product","2":"type-product","3":"status-publish","4":"has-post-thumbnail","6":"product_cat-prekrytie-okrajov-betonu","7":"post","8":"post-with-thumbnail","9":"post-with-thumbnail-large","11":"first","12":"instock","13":"taxable","14":"shipping-taxable","15":"product-type-variable","16":"has-default-attributes"},"_links":{"self":[{"href":"https:\/\/www.3dflex.sk\/web\/index.php\/wp-json\/wp\/v2\/product\/540","targetHints":{"allow":["GET"]}}],"collection":[{"href":"https:\/\/www.3dflex.sk\/web\/index.php\/wp-json\/wp\/v2\/product"}],"about":[{"href":"https:\/\/www.3dflex.sk\/web\/index.php\/wp-json\/wp\/v2\/types\/product"}],"replies":[{"embeddable":true,"href":"https:\/\/www.3dflex.sk\/web\/index.php\/wp-json\/wp\/v2\/comments?post=540"}],"version-history":[{"count":2,"href":"https:\/\/www.3dflex.sk\/web\/index.php\/wp-json\/wp\/v2\/product\/540\/revisions"}],"predecessor-version":[{"id":547,"href":"https:\/\/www.3dflex.sk\/web\/index.php\/wp-json\/wp\/v2\/product\/540\/revisions\/547"}],"wp:featuredmedia":[{"embeddable":true,"href":"https:\/\/www.3dflex.sk\/web\/index.php\/wp-json\/wp\/v2\/media\/545"}],"wp:attachment":[{"href":"https:\/\/www.3dflex.sk\/web\/index.php\/wp-json\/wp\/v2\/media?parent=540"}],"wp:term":[{"taxonomy":"product_brand","embeddable":true,"href":"https:\/\/www.3dflex.sk\/web\/index.php\/wp-json\/wp\/v2\/product_brand?post=540"},{"taxonomy":"product_cat","embeddable":true,"href":"https:\/\/www.3dflex.sk\/web\/index.php\/wp-json\/wp\/v2\/product_cat?post=540"},{"taxonomy":"product_tag","embeddable":true,"href":"https:\/\/www.3dflex.sk\/web\/index.php\/wp-json\/wp\/v2\/product_tag?post=540"}],"curies":[{"name":"wp","href":"https:\/\/api.w.org\/{rel}","templated":true}]}}