{"id":548,"date":"2024-02-18T13:52:19","date_gmt":"2024-02-18T12:52:19","guid":{"rendered":"https:\/\/www.3dflex.sk\/web\/?post_type=product&#038;p=548"},"modified":"2024-02-24T18:36:22","modified_gmt":"2024-02-24T17:36:22","slug":"gumovy-roh-sbr-50-mm","status":"publish","type":"product","link":"https:\/\/www.3dflex.sk\/web\/index.php\/produkt\/gumovy-roh-sbr-50-mm\/","title":{"rendered":"Gumov\u00fd roh SBR 50 mm"},"content":{"rendered":"<p><strong><span class=\"\">Pru\u017en\u00e9 gumov\u00e9 rohy SBR Flexizone.<\/span><\/strong><\/p>\n<p>Zabezpe\u010duj\u00fa oddychov\u00e9 z\u00f3ny a ihrisk\u00e1. Dod\u00e1vaj\u00fa sa v 4 farb\u00e1ch: \u010dierna, zelen\u00e1, \u010derven\u00e1.<\/p>\n<p>Cena za 1 meter.<\/p>\n<p>&nbsp;<\/p>\n<p><strong><span class=\"\">Rozmery: 1000 mm x (250 x 125 mm) x 50 mm<\/span><\/strong><\/p>\n","protected":false},"excerpt":{"rendered":"<p><strong><span class=\"\">Pru\u017en\u00e9 gumov\u00e9 rohy s\u00fa dostupn\u00e9 v moduloch s d\u013a\u017ekou 1000 mm a hr\u00fabkou 50 mm a stenami s d\u013a\u017ekou 250 x 125 mm. <\/span>M\u00f4\u017eu by\u0165 navz\u00e1jom spojen\u00e9 pomocou plastov\u00fdch spojok.<\/strong><\/p>\n<p><strong>Vlastnosti bezpe\u010dn\u00fdch rohov:<\/strong><\/p>\n<ul>\n<li>Maj\u00fa dobr\u00e9 tlmenie n\u00e1razov a proti\u0161mykov\u00e9 vlastnosti<\/li>\n<li>mrazuvzdorn\u00e1 a vodopriepustn\u00e1 \u0161trukt\u00fara<\/li>\n<li>ma\u0165 hygienick\u00fd preukaz N\u00e1rodn\u00e9ho hygienick\u00e9ho \u00fastavu<\/li>\n<li>sp\u013a\u0148aj\u00fa najnov\u0161iu normu pre detsk\u00e9 ihrisk\u00e1 PN-EN 1177:2019.<\/li>\n<li>Vystu\u017een\u00e1 kon\u0161trukcia zvy\u0161uje odolnos\u0165 proti mechanick\u00e9mu po\u0161kodeniu.<\/li>\n<li>produkt vyroben\u00fd pod\u013ea schv\u00e1len\u00fdch postupov pod pr\u00edsnou kontrolou kvality T\u00dcV<\/li>\n<\/ul>\n<p><strong>Z\u00e1ruka: 24 mesiacov<\/strong><\/p>\n","protected":false},"featured_media":557,"comment_status":"open","ping_status":"closed","template":"","meta":{"ngg_post_thumbnail":0},"product_brand":[],"product_cat":[45],"product_tag":[],"class_list":{"0":"post-548","1":"product","2":"type-product","3":"status-publish","4":"has-post-thumbnail","6":"product_cat-gumove-rohy","7":"post","8":"post-with-thumbnail","9":"post-with-thumbnail-large","11":"first","12":"instock","13":"taxable","14":"shipping-taxable","15":"product-type-variable"},"_links":{"self":[{"href":"https:\/\/www.3dflex.sk\/web\/index.php\/wp-json\/wp\/v2\/product\/548","targetHints":{"allow":["GET"]}}],"collection":[{"href":"https:\/\/www.3dflex.sk\/web\/index.php\/wp-json\/wp\/v2\/product"}],"about":[{"href":"https:\/\/www.3dflex.sk\/web\/index.php\/wp-json\/wp\/v2\/types\/product"}],"replies":[{"embeddable":true,"href":"https:\/\/www.3dflex.sk\/web\/index.php\/wp-json\/wp\/v2\/comments?post=548"}],"version-history":[{"count":2,"href":"https:\/\/www.3dflex.sk\/web\/index.php\/wp-json\/wp\/v2\/product\/548\/revisions"}],"predecessor-version":[{"id":788,"href":"https:\/\/www.3dflex.sk\/web\/index.php\/wp-json\/wp\/v2\/product\/548\/revisions\/788"}],"wp:featuredmedia":[{"embeddable":true,"href":"https:\/\/www.3dflex.sk\/web\/index.php\/wp-json\/wp\/v2\/media\/557"}],"wp:attachment":[{"href":"https:\/\/www.3dflex.sk\/web\/index.php\/wp-json\/wp\/v2\/media?parent=548"}],"wp:term":[{"taxonomy":"product_brand","embeddable":true,"href":"https:\/\/www.3dflex.sk\/web\/index.php\/wp-json\/wp\/v2\/product_brand?post=548"},{"taxonomy":"product_cat","embeddable":true,"href":"https:\/\/www.3dflex.sk\/web\/index.php\/wp-json\/wp\/v2\/product_cat?post=548"},{"taxonomy":"product_tag","embeddable":true,"href":"https:\/\/www.3dflex.sk\/web\/index.php\/wp-json\/wp\/v2\/product_tag?post=548"}],"curies":[{"name":"wp","href":"https:\/\/api.w.org\/{rel}","templated":true}]}}