{"id":700,"date":"2024-02-19T13:01:51","date_gmt":"2024-02-19T12:01:51","guid":{"rendered":"https:\/\/www.3dflex.sk\/web\/?post_type=product&#038;p=700"},"modified":"2024-02-24T18:31:33","modified_gmt":"2024-02-24T17:31:33","slug":"gumova-doska-pre-telocvicnu-a-crossfit-500x500x20-mm","status":"publish","type":"product","link":"https:\/\/www.3dflex.sk\/web\/index.php\/produkt\/gumova-doska-pre-telocvicnu-a-crossfit-500x500x20-mm\/","title":{"rendered":"Gumov\u00e1 doska pre telocvi\u010d\u0148u a crossfit 500x500x20 mm"},"content":{"rendered":"<p><strong>Gumov\u00e1 doska SBR je ur\u010den\u00e1 na povrchy vo fitness a CrossFit kluboch.<\/strong><\/p>\n<p>&nbsp;<\/p>\n<p><strong>Ve\u013ekos\u0165 dosky: 500 mm x 500 mm<\/strong><\/p>\n<p><strong>Hr\u00fabka: 20 mm<\/strong><\/p>\n","protected":false},"excerpt":{"rendered":"<h3><strong>CrossFit podlaha z 20 mm hrub\u00fdch gumov\u00fdch platn\u00ed je ur\u010den\u00e1 pre z\u00f3ny ako:<\/strong><\/h3>\n<ul>\n<li>telocvi\u010dne<\/li>\n<li>fitness miestnosti<\/li>\n<li>crossfit<\/li>\n<li>\u0161portov\u00e9 zariadenia<\/li>\n<\/ul>\n<p>Vlastnosti gumov\u00fdch podlo\u017eiek do telocvi\u010dn\u00ed a fitness klubov:<\/p>\n<p class=\"Textbody\">\u2022\u00a0\u00a0\u00a0\u00a0proti\u0161mykov\u00e1<\/p>\n<p class=\"Textbody\">\u2022\u00a0\u00a0\u00a0 <span class=\"\">vylep\u0161en\u00fd proti starnutiu <\/span><\/p>\n<p class=\"Textbody\">\u2022\u00a0\u00a0\u00a0\u00a0stabilizovan\u00fd a odoln\u00fd vo\u010di UV \u017eiareniu<\/p>\n<p class=\"Textbody\">\u2022\u00a0\u00a0\u00a0\u00a0ka\u017ed\u00e1 \u0161ar\u017ea testovan\u00e1 v na\u0161om vlastnom laborat\u00f3riu na absorpciu a tlmenie n\u00e1razov<\/p>\n<p class=\"Textbody\">\u2022\u00a0\u00a0\u00a0\u00a0produkt vyroben\u00fd pod\u013ea schv\u00e1len\u00fdch postupov pod pr\u00edsnou kontrolou kvality T\u00dcV<\/p>\n<p class=\"Textbody\"><strong>VOLITE\u013dN\u00c9<\/strong>\u00a0(pred zadan\u00edm objedn\u00e1vky kontaktujte n\u00e1\u0161ho predajcu):<\/p>\n<ul>\n<li>mo\u017enos\u0165 v\u00fdroby telocvi\u010dn\u00fdch povrchov v nehor\u013eavej verzii, certifikovanej pre vn\u00fatorn\u00e9 pou\u017eitie &#8211; trieda nehor\u013eavosti Cfl-s1 alebo Bfl-s1.<\/li>\n<li>Mo\u017enos\u0165 doobjedna\u0165 povrchy s inovat\u00edvnou akt\u00edvnou \u0161trukt\u00farou ACTIVEFRESH, ktor\u00e1 m\u00e1 protiples\u0148ov\u00e9, antibakteri\u00e1lne a protiples\u0148ov\u00e9 vlastnosti. Akt\u00edvna \u0161trukt\u00fara gumov\u00fdch dosiek eliminuje 99,99% usadzovania bakt\u00e9ri\u00ed a plesn\u00ed na povrchu dosiek. Produkt testovan\u00fd v Kanade spolo\u010dnos\u0165ou Thomson Research Associates Inc. &#8211; tento typ povrchov odpor\u00fa\u010dame pou\u017e\u00edva\u0165 v \u0161atniach, \u0161atniach a na miestach, kde s\u00fa pou\u017e\u00edvatelia vystaven\u00ed kontaktu s patog\u00e9nnymi bakt\u00e9riami a ples\u0148ami, \u010d\u00edm sa minimalizuje mo\u017enos\u0165 prenosu na in\u00e9 osoby.<\/li>\n<\/ul>\n<p>Z\u00e1ruka: 24 mesiacov<\/p>\n","protected":false},"featured_media":664,"comment_status":"open","ping_status":"closed","template":"","meta":{"ngg_post_thumbnail":0},"product_brand":[],"product_cat":[53],"product_tag":[],"class_list":{"0":"post-700","1":"product","2":"type-product","3":"status-publish","4":"has-post-thumbnail","6":"product_cat-gumove-rohoze","7":"post","8":"post-with-thumbnail","9":"post-with-thumbnail-large","11":"first","12":"instock","13":"taxable","14":"shipping-taxable","15":"product-type-variable","16":"has-default-attributes"},"_links":{"self":[{"href":"https:\/\/www.3dflex.sk\/web\/index.php\/wp-json\/wp\/v2\/product\/700","targetHints":{"allow":["GET"]}}],"collection":[{"href":"https:\/\/www.3dflex.sk\/web\/index.php\/wp-json\/wp\/v2\/product"}],"about":[{"href":"https:\/\/www.3dflex.sk\/web\/index.php\/wp-json\/wp\/v2\/types\/product"}],"replies":[{"embeddable":true,"href":"https:\/\/www.3dflex.sk\/web\/index.php\/wp-json\/wp\/v2\/comments?post=700"}],"version-history":[{"count":2,"href":"https:\/\/www.3dflex.sk\/web\/index.php\/wp-json\/wp\/v2\/product\/700\/revisions"}],"predecessor-version":[{"id":1094,"href":"https:\/\/www.3dflex.sk\/web\/index.php\/wp-json\/wp\/v2\/product\/700\/revisions\/1094"}],"wp:featuredmedia":[{"embeddable":true,"href":"https:\/\/www.3dflex.sk\/web\/index.php\/wp-json\/wp\/v2\/media\/664"}],"wp:attachment":[{"href":"https:\/\/www.3dflex.sk\/web\/index.php\/wp-json\/wp\/v2\/media?parent=700"}],"wp:term":[{"taxonomy":"product_brand","embeddable":true,"href":"https:\/\/www.3dflex.sk\/web\/index.php\/wp-json\/wp\/v2\/product_brand?post=700"},{"taxonomy":"product_cat","embeddable":true,"href":"https:\/\/www.3dflex.sk\/web\/index.php\/wp-json\/wp\/v2\/product_cat?post=700"},{"taxonomy":"product_tag","embeddable":true,"href":"https:\/\/www.3dflex.sk\/web\/index.php\/wp-json\/wp\/v2\/product_tag?post=700"}],"curies":[{"name":"wp","href":"https:\/\/api.w.org\/{rel}","templated":true}]}}