{"id":710,"date":"2024-02-19T13:02:30","date_gmt":"2024-02-19T12:02:30","guid":{"rendered":"https:\/\/www.3dflex.sk\/web\/?post_type=product&#038;p=710"},"modified":"2024-02-24T18:35:21","modified_gmt":"2024-02-24T17:35:21","slug":"sbr-gumova-podlozka-do-telocvicni-1000x1000x20","status":"publish","type":"product","link":"https:\/\/www.3dflex.sk\/web\/index.php\/produkt\/sbr-gumova-podlozka-do-telocvicni-1000x1000x20\/","title":{"rendered":"SBR gumov\u00e1 podlo\u017eka do telocvi\u010dne 1000x1000x20 mm"},"content":{"rendered":"<p><strong>Gumov\u00e9 podlo\u017eky ur\u010den\u00e9 do vn\u00fatorn\u00fdch telocvi\u010dn\u00ed, odpor\u00fa\u010dan\u00e9 do fitness z\u00f3n a ako bezpe\u010dn\u00fd povrch do tr\u00e9ningov\u00fdch miestnost\u00ed.<\/strong><\/p>\n<p>&nbsp;<\/p>\n<p><strong>Rozmer podlo\u017eky: 1000 mm x 1000 mm<\/strong><\/p>\n<p><strong>Hr\u00fabka: 20 mm<\/strong><\/p>\n","protected":false},"excerpt":{"rendered":"<p style=\"font-weight: 300;\"><strong style=\"font-weight: 600;\">Gumov\u00e9 \u017einenky s hr\u00fabkou 20 mm s\u00fa ur\u010den\u00e9 pre z\u00f3ny ako:<\/strong><strong style=\"font-weight: 600;\"><br \/>\n<\/strong><\/p>\n<ul style=\"font-weight: 300;\">\n<li>fitness z\u00f3ny<\/li>\n<li>crossfit<\/li>\n<li>\u0161portov\u00e9 ihrisk\u00e1<\/li>\n<\/ul>\n<p style=\"font-weight: 300;\"><strong style=\"font-weight: 600;\">Vlastnosti gumov\u00fdch podlo\u017eiek do telocvi\u010dn\u00ed:<\/strong><\/p>\n<ul>\n<li style=\"font-weight: 300;\">proti\u0161mykov\u00e1<\/li>\n<li style=\"font-weight: 300;\"><span><span class=\"\">vylep\u0161en\u00fd proti starnutiu <\/span><\/span><\/li>\n<li style=\"font-weight: 300;\">stabilizovan\u00fd a odoln\u00fd vo\u010di UV \u017eiareniu<\/li>\n<li style=\"font-weight: 300;\">ka\u017ed\u00e1 \u0161ar\u017ea testovan\u00e1 v na\u0161om vlastnom laborat\u00f3riu na absorpciu a tlmenie n\u00e1razov<\/li>\n<li style=\"font-weight: 300;\">produkt vyroben\u00fd pod\u013ea schv\u00e1len\u00fdch postupov pod pr\u00edsnou kontrolou kvality T\u00dcV<\/li>\n<\/ul>\n<p style=\"font-weight: 300;\"><strong style=\"font-weight: 600;\">VOLITE\u013dN\u00c9<\/strong>\u00a0(pred zadan\u00edm objedn\u00e1vky kontaktujte n\u00e1\u0161ho predajcu):<\/p>\n<ul style=\"font-weight: 300;\">\n<li>mo\u017enos\u0165 v\u00fdroby telocvi\u010dn\u00fdch povrchov v nehor\u013eavej verzii, certifikovanej pre vn\u00fatorn\u00e9 pou\u017eitie &#8211; trieda nehor\u013eavosti Cfl-s1 alebo Bfl-s1.<\/li>\n<li>Mo\u017enos\u0165 doobjedna\u0165 povrchy s inovat\u00edvnou akt\u00edvnou \u0161trukt\u00farou ACTIVEFRESH, ktor\u00e1 m\u00e1 protiples\u0148ov\u00e9, antibakteri\u00e1lne a protiples\u0148ov\u00e9 vlastnosti. Akt\u00edvna \u0161trukt\u00fara gumov\u00fdch dosiek eliminuje 99,99% usadzovania bakt\u00e9ri\u00ed a plesn\u00ed na povrchu dosiek. Produkt testovan\u00fd v Kanade spolo\u010dnos\u0165ou Thomson Research Associates Inc. &#8211; tento typ povrchov odpor\u00fa\u010dame pou\u017e\u00edva\u0165 v \u0161atniach, \u0161atniach a na miestach, kde s\u00fa pou\u017e\u00edvatelia vystaven\u00ed kontaktu s patog\u00e9nnymi bakt\u00e9riami a ples\u0148ami, \u010d\u00edm sa minimalizuje mo\u017enos\u0165 prenosu na in\u00e9 osoby.<\/li>\n<\/ul>\n<p style=\"font-weight: 300;\"><strong style=\"font-weight: 600;\">Z\u00e1ruka: 24 mesiacov<\/strong><\/p>\n","protected":false},"featured_media":665,"comment_status":"open","ping_status":"closed","template":"","meta":{"ngg_post_thumbnail":0},"product_brand":[],"product_cat":[53],"product_tag":[],"class_list":{"0":"post-710","1":"product","2":"type-product","3":"status-publish","4":"has-post-thumbnail","6":"product_cat-gumove-rohoze","7":"post","8":"post-with-thumbnail","9":"post-with-thumbnail-large","11":"first","12":"instock","13":"taxable","14":"shipping-taxable","15":"product-type-variable","16":"has-default-attributes"},"_links":{"self":[{"href":"https:\/\/www.3dflex.sk\/web\/index.php\/wp-json\/wp\/v2\/product\/710","targetHints":{"allow":["GET"]}}],"collection":[{"href":"https:\/\/www.3dflex.sk\/web\/index.php\/wp-json\/wp\/v2\/product"}],"about":[{"href":"https:\/\/www.3dflex.sk\/web\/index.php\/wp-json\/wp\/v2\/types\/product"}],"replies":[{"embeddable":true,"href":"https:\/\/www.3dflex.sk\/web\/index.php\/wp-json\/wp\/v2\/comments?post=710"}],"version-history":[{"count":4,"href":"https:\/\/www.3dflex.sk\/web\/index.php\/wp-json\/wp\/v2\/product\/710\/revisions"}],"predecessor-version":[{"id":1093,"href":"https:\/\/www.3dflex.sk\/web\/index.php\/wp-json\/wp\/v2\/product\/710\/revisions\/1093"}],"wp:featuredmedia":[{"embeddable":true,"href":"https:\/\/www.3dflex.sk\/web\/index.php\/wp-json\/wp\/v2\/media\/665"}],"wp:attachment":[{"href":"https:\/\/www.3dflex.sk\/web\/index.php\/wp-json\/wp\/v2\/media?parent=710"}],"wp:term":[{"taxonomy":"product_brand","embeddable":true,"href":"https:\/\/www.3dflex.sk\/web\/index.php\/wp-json\/wp\/v2\/product_brand?post=710"},{"taxonomy":"product_cat","embeddable":true,"href":"https:\/\/www.3dflex.sk\/web\/index.php\/wp-json\/wp\/v2\/product_cat?post=710"},{"taxonomy":"product_tag","embeddable":true,"href":"https:\/\/www.3dflex.sk\/web\/index.php\/wp-json\/wp\/v2\/product_tag?post=710"}],"curies":[{"name":"wp","href":"https:\/\/api.w.org\/{rel}","templated":true}]}}