{"id":762,"date":"2024-02-19T17:20:52","date_gmt":"2024-02-19T16:20:52","guid":{"rendered":"https:\/\/www.3dflex.sk\/web\/?post_type=product&#038;p=762"},"modified":"2025-01-08T19:00:07","modified_gmt":"2025-01-08T18:00:07","slug":"gumova-podlozka-na-puzzle-20-mm","status":"publish","type":"product","link":"https:\/\/www.3dflex.sk\/web\/index.php\/produkt\/gumova-podlozka-na-puzzle-20-mm\/","title":{"rendered":"Gumov\u00e1 podlo\u017eka na puzzle 20 mm"},"content":{"rendered":"<p><span class=\"\">Cvi\u010debn\u00e1 puzzle podlo\u017eka je ur\u010den\u00e1 pre vn\u00fatorn\u00e9 telocvi\u010dne, CrossFit miestnosti, gar\u00e1\u017ee a technick\u00e9 miestnosti.<\/span><\/p>\n<p>Volite\u013ene s\u00fa roho\u017ee dostupn\u00e9 v nehor\u013eavej verzii s certifik\u00e1tom Cfl-s1.<\/p>\n<p><strong>Rozmer podlo\u017eky: 1000 mm x 1000 mm<\/strong><\/p>\n<p><strong>Hr\u00fabka: 20 mm<\/strong><\/p>\n","protected":false},"excerpt":{"rendered":"<p class=\"Textbody\"><strong><span class=\"StrongEmphasis\">Podlo\u017eka na cvi\u010denie s hr\u00fabkou 20 mm je <\/span><span class=\"StrongEmphasis\">ur\u010den\u00e1 <\/span><span class=\"StrongEmphasis\">pre z\u00f3ny ako:<\/span><\/strong><\/p>\n<ul>\n<li>telocvi\u010dne<\/li>\n<li>fitness miestnosti<\/li>\n<li>crossfit<\/li>\n<li>\u0161portov\u00e9 zariadenia<\/li>\n<\/ul>\n<p><b>Z\u00e1ruka: 24 mesiacov<\/b><\/p>\n<p><b>Vlastnosti gumov\u00fdch podlo\u017eiek do telocvi\u010dn\u00ed:<\/b><\/p>\n<p class=\"Textbody\">\u2022\u00a0\u00a0\u00a0 proti\u0161mykov\u00e1<\/p>\n<p class=\"Textbody\">\u2022\u00a0\u00a0\u00a0 <span class=\"\">vylep\u0161en\u00fd proti starnutiu <\/span><\/p>\n<p class=\"Textbody\">\u2022\u00a0\u00a0\u00a0 stabilizovan\u00fd a odoln\u00fd vo\u010di UV \u017eiareniu<\/p>\n<p class=\"Textbody\">\u2022\u00a0\u00a0\u00a0 ka\u017ed\u00e1 \u0161ar\u017ea testovan\u00e1 v na\u0161om vlastnom laborat\u00f3riu na absorpciu a tlmenie n\u00e1razov<\/p>\n<p class=\"Textbody\">\u2022\u00a0\u00a0\u00a0 produkt vyroben\u00fd pod\u013ea schv\u00e1len\u00fdch postupov pod pr\u00edsnou kontrolou kvality T\u00dcV<\/p>\n","protected":false},"featured_media":760,"comment_status":"open","ping_status":"closed","template":"","meta":{"ngg_post_thumbnail":0},"product_brand":[],"product_cat":[57],"product_tag":[],"class_list":{"0":"post-762","1":"product","2":"type-product","3":"status-publish","4":"has-post-thumbnail","6":"product_cat-puzzle-podlozky","7":"post","8":"post-with-thumbnail","9":"post-with-thumbnail-large","11":"first","12":"instock","13":"taxable","14":"shipping-taxable","15":"purchasable","16":"product-type-variable","17":"has-default-attributes"},"_links":{"self":[{"href":"https:\/\/www.3dflex.sk\/web\/index.php\/wp-json\/wp\/v2\/product\/762","targetHints":{"allow":["GET"]}}],"collection":[{"href":"https:\/\/www.3dflex.sk\/web\/index.php\/wp-json\/wp\/v2\/product"}],"about":[{"href":"https:\/\/www.3dflex.sk\/web\/index.php\/wp-json\/wp\/v2\/types\/product"}],"replies":[{"embeddable":true,"href":"https:\/\/www.3dflex.sk\/web\/index.php\/wp-json\/wp\/v2\/comments?post=762"}],"version-history":[{"count":3,"href":"https:\/\/www.3dflex.sk\/web\/index.php\/wp-json\/wp\/v2\/product\/762\/revisions"}],"predecessor-version":[{"id":770,"href":"https:\/\/www.3dflex.sk\/web\/index.php\/wp-json\/wp\/v2\/product\/762\/revisions\/770"}],"wp:featuredmedia":[{"embeddable":true,"href":"https:\/\/www.3dflex.sk\/web\/index.php\/wp-json\/wp\/v2\/media\/760"}],"wp:attachment":[{"href":"https:\/\/www.3dflex.sk\/web\/index.php\/wp-json\/wp\/v2\/media?parent=762"}],"wp:term":[{"taxonomy":"product_brand","embeddable":true,"href":"https:\/\/www.3dflex.sk\/web\/index.php\/wp-json\/wp\/v2\/product_brand?post=762"},{"taxonomy":"product_cat","embeddable":true,"href":"https:\/\/www.3dflex.sk\/web\/index.php\/wp-json\/wp\/v2\/product_cat?post=762"},{"taxonomy":"product_tag","embeddable":true,"href":"https:\/\/www.3dflex.sk\/web\/index.php\/wp-json\/wp\/v2\/product_tag?post=762"}],"curies":[{"name":"wp","href":"https:\/\/api.w.org\/{rel}","templated":true}]}}