{"id":825,"date":"2024-02-20T13:48:10","date_gmt":"2024-02-20T12:48:10","guid":{"rendered":"https:\/\/www.3dflex.sk\/web\/?post_type=product&#038;p=825"},"modified":"2024-03-09T19:52:30","modified_gmt":"2024-03-09T18:52:30","slug":"gumova-kocka-sbr-behaton-4-farby","status":"publish","type":"product","link":"https:\/\/www.3dflex.sk\/web\/index.php\/produkt\/gumova-kocka-sbr-behaton-4-farby\/","title":{"rendered":"Gumov\u00e1 kocka SBR (4 FARBY)"},"content":{"rendered":"<p class=\"Textbody\"><strong>Gumov\u00e9 kocky BEHATON SBR<\/strong>\u00a0s\u00fa vyroben\u00e9 z materi\u00e1lov najvy\u0161\u0161ej kvality s rozmermi 160 x 200 mm a vystu\u017eenej kon\u0161trukcie.<\/p>\n<p class=\"Textbody\">Tieto typy bezpe\u010dn\u00fdch povrchov sa pou\u017e\u00edvaj\u00fa v\u0161ade tam, kde je potrebn\u00fd flexibiln\u00fd substr\u00e1t s antivibra\u010dn\u00fdmi, prietokov\u00fdmi a nek\u013azav\u00fdmi funkciami.<\/p>\n<p class=\"Textbody\"><strong>Po\u010det kociek na m2 \u2013 36 ks<\/strong><\/p>\n<p class=\"Textbody\"><strong>Minim\u00e1lne objednan\u00e9 mno\u017estvo je 3600 ks = 100 m2<\/strong><\/p>\n","protected":false},"excerpt":{"rendered":"<p><strong>V\u00ddHODY BEHATONOV\u00ddCH RUBBEROV\u00ddCH KOCIEK<\/strong><\/p>\n<p>\u25cf tlmiace vlastnosti \u2013 zaru\u010den\u00e1 miera p\u00e1du 1,1 m<\/p>\n<p>\u25cf vysok\u00e1 mechanick\u00e1 pevnos\u0165 (zosilnen\u00e1 \u0161trukt\u00fara)<\/p>\n<p>\u25cf nek\u013azav\u00fd<\/p>\n<p>\u25cf odoln\u00fd vo\u010di mrazu a priepustn\u00fd pre vodu<\/p>\n<p>\u25cf vysok\u00e1 odolnos\u0165 vo\u010di poveternostn\u00fdm vplyvom<\/p>\n<p>\u25cf star\u00fd testovan\u00fd a odoln\u00fd vo\u010di UV \u017eiareniu<\/p>\n<p>\u25cf vynikaj\u00faca izola\u010dn\u00e1, tlmiaca a tlmiaca vrstva.<\/p>\n<p>\u25cf r\u00fdchla mont\u00e1\u017e a \u013eahk\u00e9 \u010distenie<\/p>\n<p>\u25cf bezpe\u010dn\u00fd pri kontakte s poko\u017ekou &#8211; mus\u00ed ma\u0165 hygienick\u00e9 osved\u010denie PZH<\/p>\n<p>\u25cf sp\u013a\u0148aj\u00fa najnov\u0161\u00ed \u0161tandard pre detsk\u00e9 ihrisk\u00e1 PN-EN 1177: 2019<\/p>\n<p>&nbsp;<\/p>\n<p><strong>Z\u00e1ruka: 24 mesiacov<\/strong><\/p>\n","protected":false},"featured_media":827,"comment_status":"open","ping_status":"closed","template":"","meta":{"ngg_post_thumbnail":0},"product_brand":[],"product_cat":[59],"product_tag":[],"class_list":{"0":"post-825","1":"product","2":"type-product","3":"status-publish","4":"has-post-thumbnail","6":"product_cat-gumova-kocka","7":"post","8":"post-with-thumbnail","9":"post-with-thumbnail-large","11":"first","12":"instock","13":"taxable","14":"shipping-taxable","15":"product-type-variable"},"_links":{"self":[{"href":"https:\/\/www.3dflex.sk\/web\/index.php\/wp-json\/wp\/v2\/product\/825","targetHints":{"allow":["GET"]}}],"collection":[{"href":"https:\/\/www.3dflex.sk\/web\/index.php\/wp-json\/wp\/v2\/product"}],"about":[{"href":"https:\/\/www.3dflex.sk\/web\/index.php\/wp-json\/wp\/v2\/types\/product"}],"replies":[{"embeddable":true,"href":"https:\/\/www.3dflex.sk\/web\/index.php\/wp-json\/wp\/v2\/comments?post=825"}],"version-history":[{"count":2,"href":"https:\/\/www.3dflex.sk\/web\/index.php\/wp-json\/wp\/v2\/product\/825\/revisions"}],"predecessor-version":[{"id":1043,"href":"https:\/\/www.3dflex.sk\/web\/index.php\/wp-json\/wp\/v2\/product\/825\/revisions\/1043"}],"wp:featuredmedia":[{"embeddable":true,"href":"https:\/\/www.3dflex.sk\/web\/index.php\/wp-json\/wp\/v2\/media\/827"}],"wp:attachment":[{"href":"https:\/\/www.3dflex.sk\/web\/index.php\/wp-json\/wp\/v2\/media?parent=825"}],"wp:term":[{"taxonomy":"product_brand","embeddable":true,"href":"https:\/\/www.3dflex.sk\/web\/index.php\/wp-json\/wp\/v2\/product_brand?post=825"},{"taxonomy":"product_cat","embeddable":true,"href":"https:\/\/www.3dflex.sk\/web\/index.php\/wp-json\/wp\/v2\/product_cat?post=825"},{"taxonomy":"product_tag","embeddable":true,"href":"https:\/\/www.3dflex.sk\/web\/index.php\/wp-json\/wp\/v2\/product_tag?post=825"}],"curies":[{"name":"wp","href":"https:\/\/api.w.org\/{rel}","templated":true}]}}